{"id":5,"date":"2026-03-11T16:17:15","date_gmt":"2026-03-11T15:17:15","guid":{"rendered":"https:\/\/ingenieria.udd.cl\/cisger\/?page_id=5"},"modified":"2026-03-11T16:17:15","modified_gmt":"2026-03-11T15:17:15","slug":"inicio","status":"publish","type":"page","link":"https:\/\/ingenieria.udd.cl\/cisger\/","title":{"rendered":"Inicio"},"content":{"rendered":"","protected":false},"excerpt":{"rendered":"","protected":false},"author":9192207,"featured_media":0,"parent":0,"menu_order":0,"comment_status":"closed","ping_status":"closed","template":"","meta":{"footnotes":""},"class_list":["post-5","page","type-page","status-publish","hentry"],"yoast_head":"<!-- This site is optimized with the Yoast SEO plugin v26.9 - https:\/\/yoast.com\/product\/yoast-seo-wordpress\/ -->\n<title>Inicio - Centro de Investigaci\u00f3n en Sustentabilidad y Gesti\u00f3n Estrat\u00e9gica<\/title>\n<meta name=\"robots\" content=\"index, follow, max-snippet:-1, max-image-preview:large, max-video-preview:-1\" \/>\n<link rel=\"canonical\" href=\"https:\/\/ingenieria.udd.cl\/cisger\/\" \/>\n<meta property=\"og:locale\" content=\"es_ES\" \/>\n<meta property=\"og:type\" content=\"article\" \/>\n<meta property=\"og:title\" content=\"Inicio - Centro de Investigaci\u00f3n en Sustentabilidad y Gesti\u00f3n Estrat\u00e9gica\" \/>\n<meta property=\"og:url\" content=\"https:\/\/ingenieria.udd.cl\/cisger\/\" \/>\n<meta property=\"og:site_name\" content=\"Centro de Investigaci\u00f3n en Sustentabilidad y Gesti\u00f3n Estrat\u00e9gica\" \/>\n<meta name=\"twitter:card\" content=\"summary_large_image\" \/>\n<script type=\"application\/ld+json\" class=\"yoast-schema-graph\">{\"@context\":\"https:\/\/schema.org\",\"@graph\":[{\"@type\":\"WebPage\",\"@id\":\"https:\/\/ingenieria.udd.cl\/cisger\/\",\"url\":\"https:\/\/ingenieria.udd.cl\/cisger\/\",\"name\":\"Inicio - Centro de Investigaci\u00f3n en Sustentabilidad y Gesti\u00f3n Estrat\u00e9gica\",\"isPartOf\":{\"@id\":\"https:\/\/ingenieria.udd.cl\/cisger\/#website\"},\"datePublished\":\"2026-03-11T15:17:15+00:00\",\"breadcrumb\":{\"@id\":\"https:\/\/ingenieria.udd.cl\/cisger\/#breadcrumb\"},\"inLanguage\":\"es\",\"potentialAction\":[{\"@type\":\"ReadAction\",\"target\":[\"https:\/\/ingenieria.udd.cl\/cisger\/\"]}]},{\"@type\":\"BreadcrumbList\",\"@id\":\"https:\/\/ingenieria.udd.cl\/cisger\/#breadcrumb\",\"itemListElement\":[{\"@type\":\"ListItem\",\"position\":1,\"name\":\"Portada\",\"item\":\"https:\/\/ingenieria.udd.cl\/cisger\/\"},{\"@type\":\"ListItem\",\"position\":2,\"name\":\"Inicio\"}]},{\"@type\":\"WebSite\",\"@id\":\"https:\/\/ingenieria.udd.cl\/cisger\/#website\",\"url\":\"https:\/\/ingenieria.udd.cl\/cisger\/\",\"name\":\"Centro de Investigaci\u00f3n en Sustentabilidad y Gesti\u00f3n Estrat\u00e9gica\",\"description\":\"\",\"inLanguage\":\"es\"}]}<\/script>\n<!-- \/ Yoast SEO plugin. -->","yoast_head_json":{"title":"Inicio - Centro de Investigaci\u00f3n en Sustentabilidad y Gesti\u00f3n Estrat\u00e9gica","robots":{"index":"index","follow":"follow","max-snippet":"max-snippet:-1","max-image-preview":"max-image-preview:large","max-video-preview":"max-video-preview:-1"},"canonical":"https:\/\/ingenieria.udd.cl\/cisger\/","og_locale":"es_ES","og_type":"article","og_title":"Inicio - Centro de Investigaci\u00f3n en Sustentabilidad y Gesti\u00f3n Estrat\u00e9gica","og_url":"https:\/\/ingenieria.udd.cl\/cisger\/","og_site_name":"Centro de Investigaci\u00f3n en Sustentabilidad y Gesti\u00f3n Estrat\u00e9gica","twitter_card":"summary_large_image","schema":{"@context":"https:\/\/schema.org","@graph":[{"@type":"WebPage","@id":"https:\/\/ingenieria.udd.cl\/cisger\/","url":"https:\/\/ingenieria.udd.cl\/cisger\/","name":"Inicio - Centro de Investigaci\u00f3n en Sustentabilidad y Gesti\u00f3n Estrat\u00e9gica","isPartOf":{"@id":"https:\/\/ingenieria.udd.cl\/cisger\/#website"},"datePublished":"2026-03-11T15:17:15+00:00","breadcrumb":{"@id":"https:\/\/ingenieria.udd.cl\/cisger\/#breadcrumb"},"inLanguage":"es","potentialAction":[{"@type":"ReadAction","target":["https:\/\/ingenieria.udd.cl\/cisger\/"]}]},{"@type":"BreadcrumbList","@id":"https:\/\/ingenieria.udd.cl\/cisger\/#breadcrumb","itemListElement":[{"@type":"ListItem","position":1,"name":"Portada","item":"https:\/\/ingenieria.udd.cl\/cisger\/"},{"@type":"ListItem","position":2,"name":"Inicio"}]},{"@type":"WebSite","@id":"https:\/\/ingenieria.udd.cl\/cisger\/#website","url":"https:\/\/ingenieria.udd.cl\/cisger\/","name":"Centro de Investigaci\u00f3n en Sustentabilidad y Gesti\u00f3n Estrat\u00e9gica","description":"","inLanguage":"es"}]}},"_links":{"self":[{"href":"https:\/\/ingenieria.udd.cl\/cisger\/wp-json\/wp\/v2\/pages\/5","targetHints":{"allow":["GET"]}}],"collection":[{"href":"https:\/\/ingenieria.udd.cl\/cisger\/wp-json\/wp\/v2\/pages"}],"about":[{"href":"https:\/\/ingenieria.udd.cl\/cisger\/wp-json\/wp\/v2\/types\/page"}],"author":[{"embeddable":true,"href":"https:\/\/ingenieria.udd.cl\/cisger\/wp-json\/wp\/v2\/users\/9192207"}],"replies":[{"embeddable":true,"href":"https:\/\/ingenieria.udd.cl\/cisger\/wp-json\/wp\/v2\/comments?post=5"}],"version-history":[{"count":1,"href":"https:\/\/ingenieria.udd.cl\/cisger\/wp-json\/wp\/v2\/pages\/5\/revisions"}],"predecessor-version":[{"id":7,"href":"https:\/\/ingenieria.udd.cl\/cisger\/wp-json\/wp\/v2\/pages\/5\/revisions\/7"}],"wp:attachment":[{"href":"https:\/\/ingenieria.udd.cl\/cisger\/wp-json\/wp\/v2\/media?parent=5"}],"curies":[{"name":"wp","href":"https:\/\/api.w.org\/{rel}","templated":true}]}}