{"id":14,"date":"2020-09-02T22:45:15","date_gmt":"2020-09-02T20:45:15","guid":{"rendered":"http:\/\/ingenieria.udd.cl\/ctd\/?page_id=14"},"modified":"2021-03-11T19:49:47","modified_gmt":"2021-03-11T18:49:47","slug":"sobre-nosotros","status":"publish","type":"page","link":"https:\/\/ingenieria.udd.cl\/ctd\/sobre-nosotros\/","title":{"rendered":"Sobre nosotros"},"content":{"rendered":"<section class=\"wp-block-udd-text-row block--bg-gray\">\n\t<div class=\"text-row\">\n\t\t<div class=\"text-row__content\">\n\t\t\t<div class=\"text-row__content-inner text\">\n\t\t\t\t\t\t\t\t<h2>Centro de Transformaci\u00f3n Digital <\/h2>\n\t\t\t\t\t\t\t\t\n<p>Impulsamos el desarrollo de habilidades digitales, facilitando la vinculaci\u00f3n Universidad &#8211; Empresa y el incremento de la productividad del Pa\u00eds.<\/p>\n\n<p><strong><em>Nuestra Misi\u00f3n<\/em><\/strong>: Nos encontramos en una era de disrupci\u00f3n tecnol\u00f3gica, social y de negocios, por lo que la transformaci\u00f3n digital es imperativa para las empresas. Es por esto que la Universidad del Desarrollo a trav\u00e9s de su Facultad de Ingenier\u00eda, crea el <strong>Centro de Transformaci\u00f3n Digital <\/strong>(CTD). La misi\u00f3n del CTD es aportar a las empresas en el desarrollo de habilidades que permitan impulsar una efectiva transformaci\u00f3n digital.<\/p>\n\n<p>Para lograr esto el centro se focaliza en las siguientes l\u00edneas de trabajo:<br><\/p>\n\n<ul class=\"wp-block-list\"><li>Programa para Directivos<\/li><li>Diplomados <\/li><li>Programa de actuaci\u00f3n conjunta<\/li><\/ul>\n\t\t\t<\/div>\n\t\t<\/div>\n\t\t<div class=\"text-row__media\">\n\t\t\t<img loading=\"lazy\" decoding=\"async\" width=\"952\" height=\"534\" src=\"https:\/\/ingenieria.udd.cl\/ctd\/files\/2020\/09\/Imagen-big-data-1-680x382.jpg\" class=\"text-row__media-image lazyload\" alt=\"\" sizes=\"auto, (max-width: 952px) 100vw, 952px\" data-src=\"https:\/\/ingenieria.udd.cl\/ctd\/files\/2020\/09\/Imagen-big-data-1-952x534.jpg\" data-srcset=\"https:\/\/ingenieria.udd.cl\/ctd\/files\/2020\/09\/Imagen-big-data-1-952x534.jpg 952w, https:\/\/ingenieria.udd.cl\/ctd\/files\/2020\/09\/Imagen-big-data-1-1366x768.jpg 1366w, https:\/\/ingenieria.udd.cl\/ctd\/files\/2020\/09\/Imagen-big-data-1-680x382.jpg 680w\" \/>\t\t<\/div>\n\t<\/div>\n<\/section>\n\n\n\n<figure class=\"wp-block-embed-youtube aligncenter wp-block-embed is-type-video is-provider-youtube wp-embed-aspect-16-9 wp-has-aspect-ratio\"><div class=\"wp-block-embed__wrapper\">\n<iframe loading=\"lazy\" title=\"Transformaci\u00f3n Digital UDD\" width=\"500\" height=\"281\" src=\"https:\/\/www.youtube.com\/embed\/V5P0PWO3dFA?feature=oembed\" frameborder=\"0\" allow=\"accelerometer; autoplay; clipboard-write; encrypted-media; gyroscope; picture-in-picture; web-share\" referrerpolicy=\"strict-origin-when-cross-origin\" allowfullscreen><\/iframe>\n<\/div><\/figure>\n","protected":false},"excerpt":{"rendered":"","protected":false},"author":9192218,"featured_media":0,"parent":0,"menu_order":0,"comment_status":"closed","ping_status":"closed","template":"","meta":{"footnotes":""},"class_list":["post-14","page","type-page","status-publish","hentry"],"yoast_head":"<!-- This site is optimized with the Yoast SEO plugin v26.9 - https:\/\/yoast.com\/product\/yoast-seo-wordpress\/ -->\n<title>Sobre nosotros - Centro de Transformaci\u00f3n Digital UDD<\/title>\n<meta name=\"robots\" content=\"index, follow, max-snippet:-1, max-image-preview:large, max-video-preview:-1\" \/>\n<link rel=\"canonical\" href=\"https:\/\/ingenieria.udd.cl\/ctd\/sobre-nosotros\/\" \/>\n<meta property=\"og:locale\" content=\"es_ES\" \/>\n<meta property=\"og:type\" content=\"article\" \/>\n<meta property=\"og:title\" content=\"Sobre nosotros - Centro de Transformaci\u00f3n Digital UDD\" \/>\n<meta property=\"og:url\" content=\"https:\/\/ingenieria.udd.cl\/ctd\/sobre-nosotros\/\" \/>\n<meta property=\"og:site_name\" content=\"Centro de Transformaci\u00f3n Digital UDD\" \/>\n<meta property=\"article:modified_time\" content=\"2021-03-11T18:49:47+00:00\" \/>\n<meta property=\"og:image\" content=\"https:\/\/ingenieria.udd.cl\/ctd\/files\/2020\/09\/Imagen-big-data-1-scaled.jpg\" \/>\n<meta name=\"twitter:card\" content=\"summary_large_image\" \/>\n<meta name=\"twitter:label1\" content=\"Tiempo de lectura\" \/>\n\t<meta name=\"twitter:data1\" content=\"1 minuto\" \/>\n<script type=\"application\/ld+json\" class=\"yoast-schema-graph\">{\"@context\":\"https:\/\/schema.org\",\"@graph\":[{\"@type\":\"WebPage\",\"@id\":\"https:\/\/ingenieria.udd.cl\/ctd\/sobre-nosotros\/\",\"url\":\"https:\/\/ingenieria.udd.cl\/ctd\/sobre-nosotros\/\",\"name\":\"Sobre nosotros - Centro de Transformaci\u00f3n Digital UDD\",\"isPartOf\":{\"@id\":\"https:\/\/ingenieria.udd.cl\/ctd\/#website\"},\"primaryImageOfPage\":{\"@id\":\"https:\/\/ingenieria.udd.cl\/ctd\/sobre-nosotros\/#primaryimage\"},\"image\":{\"@id\":\"https:\/\/ingenieria.udd.cl\/ctd\/sobre-nosotros\/#primaryimage\"},\"thumbnailUrl\":\"https:\/\/ingenieria.udd.cl\/ctd\/files\/2020\/09\/Imagen-big-data-1-scaled.jpg\",\"datePublished\":\"2020-09-02T20:45:15+00:00\",\"dateModified\":\"2021-03-11T18:49:47+00:00\",\"breadcrumb\":{\"@id\":\"https:\/\/ingenieria.udd.cl\/ctd\/sobre-nosotros\/#breadcrumb\"},\"inLanguage\":\"es\",\"potentialAction\":[{\"@type\":\"ReadAction\",\"target\":[\"https:\/\/ingenieria.udd.cl\/ctd\/sobre-nosotros\/\"]}]},{\"@type\":\"ImageObject\",\"inLanguage\":\"es\",\"@id\":\"https:\/\/ingenieria.udd.cl\/ctd\/sobre-nosotros\/#primaryimage\",\"url\":\"https:\/\/ingenieria.udd.cl\/ctd\/files\/2020\/09\/Imagen-big-data-1-scaled.jpg\",\"contentUrl\":\"https:\/\/ingenieria.udd.cl\/ctd\/files\/2020\/09\/Imagen-big-data-1-scaled.jpg\",\"width\":2560,\"height\":1283,\"caption\":\"Business woman drawing global structure networking and data exchanges customer connection on dark background\"},{\"@type\":\"BreadcrumbList\",\"@id\":\"https:\/\/ingenieria.udd.cl\/ctd\/sobre-nosotros\/#breadcrumb\",\"itemListElement\":[{\"@type\":\"ListItem\",\"position\":1,\"name\":\"Portada\",\"item\":\"https:\/\/ingenieria.udd.cl\/ctd\/\"},{\"@type\":\"ListItem\",\"position\":2,\"name\":\"Sobre nosotros\"}]},{\"@type\":\"WebSite\",\"@id\":\"https:\/\/ingenieria.udd.cl\/ctd\/#website\",\"url\":\"https:\/\/ingenieria.udd.cl\/ctd\/\",\"name\":\"Centro de Transformaci\u00f3n Digital UDD\",\"description\":\"Otro sitio m\u00e1s de Ingenieria\",\"inLanguage\":\"es\"}]}<\/script>\n<!-- \/ Yoast SEO plugin. -->","yoast_head_json":{"title":"Sobre nosotros - Centro de Transformaci\u00f3n Digital UDD","robots":{"index":"index","follow":"follow","max-snippet":"max-snippet:-1","max-image-preview":"max-image-preview:large","max-video-preview":"max-video-preview:-1"},"canonical":"https:\/\/ingenieria.udd.cl\/ctd\/sobre-nosotros\/","og_locale":"es_ES","og_type":"article","og_title":"Sobre nosotros - Centro de Transformaci\u00f3n Digital UDD","og_url":"https:\/\/ingenieria.udd.cl\/ctd\/sobre-nosotros\/","og_site_name":"Centro de Transformaci\u00f3n Digital UDD","article_modified_time":"2021-03-11T18:49:47+00:00","og_image":[{"url":"https:\/\/ingenieria.udd.cl\/ctd\/files\/2020\/09\/Imagen-big-data-1-scaled.jpg","type":"","width":"","height":""}],"twitter_card":"summary_large_image","twitter_misc":{"Tiempo de lectura":"1 minuto"},"schema":{"@context":"https:\/\/schema.org","@graph":[{"@type":"WebPage","@id":"https:\/\/ingenieria.udd.cl\/ctd\/sobre-nosotros\/","url":"https:\/\/ingenieria.udd.cl\/ctd\/sobre-nosotros\/","name":"Sobre nosotros - Centro de Transformaci\u00f3n Digital UDD","isPartOf":{"@id":"https:\/\/ingenieria.udd.cl\/ctd\/#website"},"primaryImageOfPage":{"@id":"https:\/\/ingenieria.udd.cl\/ctd\/sobre-nosotros\/#primaryimage"},"image":{"@id":"https:\/\/ingenieria.udd.cl\/ctd\/sobre-nosotros\/#primaryimage"},"thumbnailUrl":"https:\/\/ingenieria.udd.cl\/ctd\/files\/2020\/09\/Imagen-big-data-1-scaled.jpg","datePublished":"2020-09-02T20:45:15+00:00","dateModified":"2021-03-11T18:49:47+00:00","breadcrumb":{"@id":"https:\/\/ingenieria.udd.cl\/ctd\/sobre-nosotros\/#breadcrumb"},"inLanguage":"es","potentialAction":[{"@type":"ReadAction","target":["https:\/\/ingenieria.udd.cl\/ctd\/sobre-nosotros\/"]}]},{"@type":"ImageObject","inLanguage":"es","@id":"https:\/\/ingenieria.udd.cl\/ctd\/sobre-nosotros\/#primaryimage","url":"https:\/\/ingenieria.udd.cl\/ctd\/files\/2020\/09\/Imagen-big-data-1-scaled.jpg","contentUrl":"https:\/\/ingenieria.udd.cl\/ctd\/files\/2020\/09\/Imagen-big-data-1-scaled.jpg","width":2560,"height":1283,"caption":"Business woman drawing global structure networking and data exchanges customer connection on dark background"},{"@type":"BreadcrumbList","@id":"https:\/\/ingenieria.udd.cl\/ctd\/sobre-nosotros\/#breadcrumb","itemListElement":[{"@type":"ListItem","position":1,"name":"Portada","item":"https:\/\/ingenieria.udd.cl\/ctd\/"},{"@type":"ListItem","position":2,"name":"Sobre nosotros"}]},{"@type":"WebSite","@id":"https:\/\/ingenieria.udd.cl\/ctd\/#website","url":"https:\/\/ingenieria.udd.cl\/ctd\/","name":"Centro de Transformaci\u00f3n Digital UDD","description":"Otro sitio m\u00e1s de Ingenieria","inLanguage":"es"}]}},"_links":{"self":[{"href":"https:\/\/ingenieria.udd.cl\/ctd\/wp-json\/wp\/v2\/pages\/14","targetHints":{"allow":["GET"]}}],"collection":[{"href":"https:\/\/ingenieria.udd.cl\/ctd\/wp-json\/wp\/v2\/pages"}],"about":[{"href":"https:\/\/ingenieria.udd.cl\/ctd\/wp-json\/wp\/v2\/types\/page"}],"author":[{"embeddable":true,"href":"https:\/\/ingenieria.udd.cl\/ctd\/wp-json\/wp\/v2\/users\/9192218"}],"replies":[{"embeddable":true,"href":"https:\/\/ingenieria.udd.cl\/ctd\/wp-json\/wp\/v2\/comments?post=14"}],"version-history":[{"count":6,"href":"https:\/\/ingenieria.udd.cl\/ctd\/wp-json\/wp\/v2\/pages\/14\/revisions"}],"predecessor-version":[{"id":257,"href":"https:\/\/ingenieria.udd.cl\/ctd\/wp-json\/wp\/v2\/pages\/14\/revisions\/257"}],"wp:attachment":[{"href":"https:\/\/ingenieria.udd.cl\/ctd\/wp-json\/wp\/v2\/media?parent=14"}],"curies":[{"name":"wp","href":"https:\/\/api.w.org\/{rel}","templated":true}]}}