{"id":29,"date":"2026-01-07T10:51:50","date_gmt":"2026-01-07T13:51:50","guid":{"rendered":"https:\/\/ingenieria.udd.cl\/doctorado\/?page_id=29"},"modified":"2026-03-26T15:42:30","modified_gmt":"2026-03-26T18:42:30","slug":"lineas-de-investigacion","status":"publish","type":"page","link":"https:\/\/ingenieria.udd.cl\/doctorado-en-ingenieria-aplicada\/lineas-de-investigacion\/","title":{"rendered":"L\u00edneas de Investigaci\u00f3n"},"content":{"rendered":"\n<p>El Doctorado en Ingenier\u00eda Aplicada de la UDD se alinea con la misi\u00f3n institucional de generar y transferir conocimiento para abordar problemas complejos del pa\u00eds y la sociedad. Su principal diferenciaci\u00f3n es que la investigaci\u00f3n doctoral se desarrolla en estrecha colaboraci\u00f3n con empresas, instituciones de salud, fundaciones u organismos p\u00fablicos, permitiendo que la tesis responda a desaf\u00edos reales del entorno. El programa forma doctores capaces de identificar y resolver problemas de alta complejidad mediante investigaci\u00f3n aplicada de excelencia y con impacto directo en contextos acad\u00e9micos, industriales y p\u00fablicos.<\/p>\n\n\n<!-- WP Block: UDD - Access Cards -->\n<section\n\tid=\"udd-access-cards--1\"\n\tclass=\"wp-block-udd-access-cards\n\t\tis-style-blue-bg\"\n\t\tstyle=\"\n\t\t--udd-blocks-has-columns-number: 2\t\t\"\n\t>\n\t<div class=\"container\">\n\t\t\t\t\t<header class=\"header__innerblock block__header\">\n\t\t\t<h2 class=\"block__title\">Conoce m\u00e1s<\/h2>\n\t\n\t\n\t<\/header>\n\t\t\t\t<div class=\"block__content\">\n\t\t\t<div\n\t\t\t\tclass=\"udd-access-cards\"\n\t\t\t\t\t\t\t>\n\t\t\t<div\n\tdata-index=\"1\"\n\tclass=\"udd-access-card-wrapper udd-access-card-wrapper--has-description\"\n\t>\n\t<a href=\"https:\/\/ingenieria.udd.cl\/doctorado-en-ingenieria-aplicada\/ingenieria-de-sistemas-de-salud-y-biomedicina\/\" class=\"access-card access-card--profile\" data-url=\"https:\/\/ingenieria.udd.cl\/doctorado-en-ingenieria-aplicada\/ingenieria-de-sistemas-de-salud-y-biomedicina\/\">\n\t\t\t\t\t\t<h3\n\t\t\tdata-index=\"1\"\n\t\t\tclass=\"access-card__title\"\n\t\t>\n\t\t\tIngenier\u00eda de Sistemas de Salud y Biomedicina\t\t<\/h3>\n\t\t\t\t<p class=\"access-card__description\">\n\t\t\tEsta l\u00ednea desarrolla modelos y tecnolog\u00edas biom\u00e9dicas basadas en ciencia de datos e inteligencia artificial para mejorar la prevenci\u00f3n, el diagn\u00f3stico y el tratamiento de enfermedades. Su foco es crear soluciones innovadoras que respondan a necesidades reales del sistema de salud y puedan transferirse a la pr\u00e1ctica cl\u00ednica.\t\t<\/p>\n\t\t\t\t<div class=\"access-card__link\">\n\t\t\t<span class=\"access-card__link-text\">Conocer m\u00e1s<\/span>\n\t\t<\/div>\n\t<\/a>\n<\/div>\n<div\n\tdata-index=\"2\"\n\tclass=\"udd-access-card-wrapper udd-access-card-wrapper--has-description\"\n\t>\n\t<a href=\"https:\/\/ingenieria.udd.cl\/doctorado-en-ingenieria-aplicada\/ingenieria-de-sistemas-productivos-y-ambientales\/\" class=\"access-card access-card--profile\" data-url=\"https:\/\/ingenieria.udd.cl\/doctorado-en-ingenieria-aplicada\/ingenieria-de-sistemas-productivos-y-ambientales\/\">\n\t\t\t\t\t\t<h3\n\t\t\tdata-index=\"2\"\n\t\t\tclass=\"access-card__title\"\n\t\t>\n\t\t\tIngenier\u00eda de Sistemas Productivos y Ambientales\t\t<\/h3>\n\t\t\t\t<p class=\"access-card__description\">\n\t\t\tEsta l\u00ednea analiza y optimiza sistemas din\u00e1micos industriales y ambientales mediante modelaci\u00f3n matem\u00e1tica, simulaci\u00f3n e inteligencia artificial, generando herramientas de predicci\u00f3n y apoyo a la toma de decisiones. Su prop\u00f3sito es mejorar la eficiencia, sostenibilidad y resiliencia de los procesos, promoviendo soluciones tecnol\u00f3gicas innovadoras con impacto social.\n\t\t<\/p>\n\t\t\t\t<div class=\"access-card__link\">\n\t\t\t<span class=\"access-card__link-text\">Conocer m\u00e1s<\/span>\n\t\t<\/div>\n\t<\/a>\n<\/div>\n\t\t\t<\/div>\n\t\t<\/div>\n\t<\/div>\n<\/section>\n\n\n\n<p><\/p>\n","protected":false},"excerpt":{"rendered":"<p>El Doctorado en Ingenier\u00eda Aplicada de la UDD se alinea con la misi\u00f3n institucional de generar y transferir conocimiento para abordar problemas complejos del pa\u00eds y la sociedad. Su principal diferenciaci\u00f3n es que la investigaci\u00f3n doctoral se desarrolla en estrecha colaboraci\u00f3n con empresas, instituciones de salud, fundaciones u organismos p\u00fablicos, permitiendo que la tesis responda [&hellip;]<\/p>\n","protected":false},"author":9192278,"featured_media":33,"parent":0,"menu_order":0,"comment_status":"closed","ping_status":"closed","template":"","meta":{"footnotes":""},"class_list":["post-29","page","type-page","status-publish","has-post-thumbnail","hentry"],"yoast_head":"<!-- This site is optimized with the Yoast SEO plugin v26.9 - https:\/\/yoast.com\/product\/yoast-seo-wordpress\/ -->\n<title>L\u00edneas de Investigaci\u00f3n - Doctorado en Ingenier\u00eda Aplicada<\/title>\n<meta name=\"robots\" content=\"index, follow, max-snippet:-1, max-image-preview:large, max-video-preview:-1\" \/>\n<link rel=\"canonical\" href=\"https:\/\/ingenieria.udd.cl\/doctorado-en-ingenieria-aplicada\/lineas-de-investigacion\/\" \/>\n<meta property=\"og:locale\" content=\"es_ES\" \/>\n<meta property=\"og:type\" content=\"article\" \/>\n<meta property=\"og:title\" content=\"L\u00edneas de Investigaci\u00f3n - Doctorado en Ingenier\u00eda Aplicada\" \/>\n<meta property=\"og:description\" content=\"El Doctorado en Ingenier\u00eda Aplicada de la UDD se alinea con la misi\u00f3n institucional de generar y transferir conocimiento para abordar problemas complejos del pa\u00eds y la sociedad. Su principal diferenciaci\u00f3n es que la investigaci\u00f3n doctoral se desarrolla en estrecha colaboraci\u00f3n con empresas, instituciones de salud, fundaciones u organismos p\u00fablicos, permitiendo que la tesis responda [&hellip;]\" \/>\n<meta property=\"og:url\" content=\"https:\/\/ingenieria.udd.cl\/doctorado-en-ingenieria-aplicada\/lineas-de-investigacion\/\" \/>\n<meta property=\"og:site_name\" content=\"Doctorado en Ingenier\u00eda Aplicada\" \/>\n<meta property=\"article:modified_time\" content=\"2026-03-26T18:42:30+00:00\" \/>\n<meta property=\"og:image\" content=\"https:\/\/ingenieria.udd.cl\/doctorado-en-ingenieria-aplicada\/files\/2026\/01\/future.jpg\" \/>\n\t<meta property=\"og:image:width\" content=\"1920\" \/>\n\t<meta property=\"og:image:height\" content=\"1080\" \/>\n\t<meta property=\"og:image:type\" content=\"image\/jpeg\" \/>\n<meta name=\"twitter:card\" content=\"summary_large_image\" \/>\n<meta name=\"twitter:label1\" content=\"Tiempo de lectura\" \/>\n\t<meta name=\"twitter:data1\" content=\"1 minuto\" \/>\n<script type=\"application\/ld+json\" class=\"yoast-schema-graph\">{\"@context\":\"https:\/\/schema.org\",\"@graph\":[{\"@type\":\"WebPage\",\"@id\":\"https:\/\/ingenieria.udd.cl\/doctorado-en-ingenieria-aplicada\/lineas-de-investigacion\/\",\"url\":\"https:\/\/ingenieria.udd.cl\/doctorado-en-ingenieria-aplicada\/lineas-de-investigacion\/\",\"name\":\"L\u00edneas de Investigaci\u00f3n - Doctorado en Ingenier\u00eda Aplicada\",\"isPartOf\":{\"@id\":\"https:\/\/ingenieria.udd.cl\/doctorado-en-ingenieria-aplicada\/#website\"},\"primaryImageOfPage\":{\"@id\":\"https:\/\/ingenieria.udd.cl\/doctorado-en-ingenieria-aplicada\/lineas-de-investigacion\/#primaryimage\"},\"image\":{\"@id\":\"https:\/\/ingenieria.udd.cl\/doctorado-en-ingenieria-aplicada\/lineas-de-investigacion\/#primaryimage\"},\"thumbnailUrl\":\"https:\/\/ingenieria.udd.cl\/doctorado-en-ingenieria-aplicada\/files\/2026\/01\/future.jpg\",\"datePublished\":\"2026-01-07T13:51:50+00:00\",\"dateModified\":\"2026-03-26T18:42:30+00:00\",\"breadcrumb\":{\"@id\":\"https:\/\/ingenieria.udd.cl\/doctorado-en-ingenieria-aplicada\/lineas-de-investigacion\/#breadcrumb\"},\"inLanguage\":\"es\",\"potentialAction\":[{\"@type\":\"ReadAction\",\"target\":[\"https:\/\/ingenieria.udd.cl\/doctorado-en-ingenieria-aplicada\/lineas-de-investigacion\/\"]}]},{\"@type\":\"ImageObject\",\"inLanguage\":\"es\",\"@id\":\"https:\/\/ingenieria.udd.cl\/doctorado-en-ingenieria-aplicada\/lineas-de-investigacion\/#primaryimage\",\"url\":\"https:\/\/ingenieria.udd.cl\/doctorado-en-ingenieria-aplicada\/files\/2026\/01\/future.jpg\",\"contentUrl\":\"https:\/\/ingenieria.udd.cl\/doctorado-en-ingenieria-aplicada\/files\/2026\/01\/future.jpg\",\"width\":1920,\"height\":1080},{\"@type\":\"BreadcrumbList\",\"@id\":\"https:\/\/ingenieria.udd.cl\/doctorado-en-ingenieria-aplicada\/lineas-de-investigacion\/#breadcrumb\",\"itemListElement\":[{\"@type\":\"ListItem\",\"position\":1,\"name\":\"Portada\",\"item\":\"https:\/\/ingenieria.udd.cl\/doctorado-en-ingenieria-aplicada\/\"},{\"@type\":\"ListItem\",\"position\":2,\"name\":\"L\u00edneas de Investigaci\u00f3n\"}]},{\"@type\":\"WebSite\",\"@id\":\"https:\/\/ingenieria.udd.cl\/doctorado-en-ingenieria-aplicada\/#website\",\"url\":\"https:\/\/ingenieria.udd.cl\/doctorado-en-ingenieria-aplicada\/\",\"name\":\"Doctorado en Ingenier\u00eda Aplicada\",\"description\":\"Universidad del Desarrollo\",\"inLanguage\":\"es\"}]}<\/script>\n<!-- \/ Yoast SEO plugin. -->","yoast_head_json":{"title":"L\u00edneas de Investigaci\u00f3n - Doctorado en Ingenier\u00eda Aplicada","robots":{"index":"index","follow":"follow","max-snippet":"max-snippet:-1","max-image-preview":"max-image-preview:large","max-video-preview":"max-video-preview:-1"},"canonical":"https:\/\/ingenieria.udd.cl\/doctorado-en-ingenieria-aplicada\/lineas-de-investigacion\/","og_locale":"es_ES","og_type":"article","og_title":"L\u00edneas de Investigaci\u00f3n - Doctorado en Ingenier\u00eda Aplicada","og_description":"El Doctorado en Ingenier\u00eda Aplicada de la UDD se alinea con la misi\u00f3n institucional de generar y transferir conocimiento para abordar problemas complejos del pa\u00eds y la sociedad. Su principal diferenciaci\u00f3n es que la investigaci\u00f3n doctoral se desarrolla en estrecha colaboraci\u00f3n con empresas, instituciones de salud, fundaciones u organismos p\u00fablicos, permitiendo que la tesis responda [&hellip;]","og_url":"https:\/\/ingenieria.udd.cl\/doctorado-en-ingenieria-aplicada\/lineas-de-investigacion\/","og_site_name":"Doctorado en Ingenier\u00eda Aplicada","article_modified_time":"2026-03-26T18:42:30+00:00","og_image":[{"width":1920,"height":1080,"url":"https:\/\/ingenieria.udd.cl\/doctorado-en-ingenieria-aplicada\/files\/2026\/01\/future.jpg","type":"image\/jpeg"}],"twitter_card":"summary_large_image","twitter_misc":{"Tiempo de lectura":"1 minuto"},"schema":{"@context":"https:\/\/schema.org","@graph":[{"@type":"WebPage","@id":"https:\/\/ingenieria.udd.cl\/doctorado-en-ingenieria-aplicada\/lineas-de-investigacion\/","url":"https:\/\/ingenieria.udd.cl\/doctorado-en-ingenieria-aplicada\/lineas-de-investigacion\/","name":"L\u00edneas de Investigaci\u00f3n - Doctorado en Ingenier\u00eda Aplicada","isPartOf":{"@id":"https:\/\/ingenieria.udd.cl\/doctorado-en-ingenieria-aplicada\/#website"},"primaryImageOfPage":{"@id":"https:\/\/ingenieria.udd.cl\/doctorado-en-ingenieria-aplicada\/lineas-de-investigacion\/#primaryimage"},"image":{"@id":"https:\/\/ingenieria.udd.cl\/doctorado-en-ingenieria-aplicada\/lineas-de-investigacion\/#primaryimage"},"thumbnailUrl":"https:\/\/ingenieria.udd.cl\/doctorado-en-ingenieria-aplicada\/files\/2026\/01\/future.jpg","datePublished":"2026-01-07T13:51:50+00:00","dateModified":"2026-03-26T18:42:30+00:00","breadcrumb":{"@id":"https:\/\/ingenieria.udd.cl\/doctorado-en-ingenieria-aplicada\/lineas-de-investigacion\/#breadcrumb"},"inLanguage":"es","potentialAction":[{"@type":"ReadAction","target":["https:\/\/ingenieria.udd.cl\/doctorado-en-ingenieria-aplicada\/lineas-de-investigacion\/"]}]},{"@type":"ImageObject","inLanguage":"es","@id":"https:\/\/ingenieria.udd.cl\/doctorado-en-ingenieria-aplicada\/lineas-de-investigacion\/#primaryimage","url":"https:\/\/ingenieria.udd.cl\/doctorado-en-ingenieria-aplicada\/files\/2026\/01\/future.jpg","contentUrl":"https:\/\/ingenieria.udd.cl\/doctorado-en-ingenieria-aplicada\/files\/2026\/01\/future.jpg","width":1920,"height":1080},{"@type":"BreadcrumbList","@id":"https:\/\/ingenieria.udd.cl\/doctorado-en-ingenieria-aplicada\/lineas-de-investigacion\/#breadcrumb","itemListElement":[{"@type":"ListItem","position":1,"name":"Portada","item":"https:\/\/ingenieria.udd.cl\/doctorado-en-ingenieria-aplicada\/"},{"@type":"ListItem","position":2,"name":"L\u00edneas de Investigaci\u00f3n"}]},{"@type":"WebSite","@id":"https:\/\/ingenieria.udd.cl\/doctorado-en-ingenieria-aplicada\/#website","url":"https:\/\/ingenieria.udd.cl\/doctorado-en-ingenieria-aplicada\/","name":"Doctorado en Ingenier\u00eda Aplicada","description":"Universidad del Desarrollo","inLanguage":"es"}]}},"_links":{"self":[{"href":"https:\/\/ingenieria.udd.cl\/doctorado-en-ingenieria-aplicada\/wp-json\/wp\/v2\/pages\/29","targetHints":{"allow":["GET"]}}],"collection":[{"href":"https:\/\/ingenieria.udd.cl\/doctorado-en-ingenieria-aplicada\/wp-json\/wp\/v2\/pages"}],"about":[{"href":"https:\/\/ingenieria.udd.cl\/doctorado-en-ingenieria-aplicada\/wp-json\/wp\/v2\/types\/page"}],"author":[{"embeddable":true,"href":"https:\/\/ingenieria.udd.cl\/doctorado-en-ingenieria-aplicada\/wp-json\/wp\/v2\/users\/9192278"}],"replies":[{"embeddable":true,"href":"https:\/\/ingenieria.udd.cl\/doctorado-en-ingenieria-aplicada\/wp-json\/wp\/v2\/comments?post=29"}],"version-history":[{"count":5,"href":"https:\/\/ingenieria.udd.cl\/doctorado-en-ingenieria-aplicada\/wp-json\/wp\/v2\/pages\/29\/revisions"}],"predecessor-version":[{"id":301,"href":"https:\/\/ingenieria.udd.cl\/doctorado-en-ingenieria-aplicada\/wp-json\/wp\/v2\/pages\/29\/revisions\/301"}],"wp:featuredmedia":[{"embeddable":true,"href":"https:\/\/ingenieria.udd.cl\/doctorado-en-ingenieria-aplicada\/wp-json\/wp\/v2\/media\/33"}],"wp:attachment":[{"href":"https:\/\/ingenieria.udd.cl\/doctorado-en-ingenieria-aplicada\/wp-json\/wp\/v2\/media?parent=29"}],"curies":[{"name":"wp","href":"https:\/\/api.w.org\/{rel}","templated":true}]}}