{"id":298,"date":"2026-01-27T14:57:17","date_gmt":"2026-01-27T17:57:17","guid":{"rendered":"https:\/\/ingenieria.udd.cl\/doctorado-en-ingenieria-aplicada\/?page_id=298"},"modified":"2026-03-26T15:48:20","modified_gmt":"2026-03-26T18:48:20","slug":"ingenieria-de-sistemas-productivos-y-ambientales","status":"publish","type":"page","link":"https:\/\/ingenieria.udd.cl\/doctorado-en-ingenieria-aplicada\/lineas-de-investigacion\/ingenieria-de-sistemas-productivos-y-ambientales\/","title":{"rendered":"Ingenier\u00eda de Sistemas Productivos y Ambientales"},"content":{"rendered":"\n<p>Esta l\u00ednea estudia el comportamiento, la modelaci\u00f3n y la optimizaci\u00f3n de sistemas din\u00e1micos en contextos industriales y ambientales, utilizando programaci\u00f3n matem\u00e1tica, simulaci\u00f3n avanzada, t\u00e9cnicas heur\u00edsticas y exactas, as\u00ed como enfoques de ciencia de datos e inteligencia artificial. Busca generar herramientas de predicci\u00f3n y de apoyo a la toma de decisiones bajo m\u00faltiples restricciones, orientadas a mejorar la eficiencia, la sostenibilidad y la resiliencia de procesos productivos y sistemas ambientales. Adem\u00e1s, promueve el desarrollo de soluciones tecnol\u00f3gicas innovadoras que integren ciencia, ingenier\u00eda y responsabilidad social.<\/p>\n\n\n<!-- WP Block: UDD - Cards Alternate -->\n<section class=\"wp-block-udd-cards udd-cards-v2--1 \"\n\t\tstyle=\"--udd-blocks-has-columns-number: 2;\"\n\t>\n\t<div class=\"container\">\n\t\t\t\t\t<header class=\"header__innerblock block__header\">\n\t\t\t\n<h2 class=\"wp-block-heading\">Se abordan desaf\u00edos contempor\u00e1neos de alta complejidad, tales como:<\/h2>\n\t\n\t\n\t<\/header>\n\t\t\t\t<div class=\"block__content\">\n\t\t\t<div\n\t\t\t\t\t\t\t\tclass=\"cards cards-v2 \"\n\t\t\t>\n\t\t\t\t\t\t\t\t\t\t\t\t<div class=\"card-wrapper\">\n\t\t\t\t\t\t<div class=\"card\">\n\t\t\t\t\t\t\t\t\t\t\t\t\t\t<h3 class=\"card__title\">Modelado, optimizaci\u00f3n y gesti\u00f3n de sistemas industriales<\/h3>\n\t\t\t\t\t\t\t\t\t\t\t\t\t\t<div\n\t\t\t\t\t\t\t\tid=\"see-more__udd-cards-v2--1-0\"\n\t\t\t\t\t\t\t\tclass=\"card__description \"\n\t\t\t\t\t\t\t>\n\t\t\t\t\t\t\t\t<div\n\t\t\t\t\t\t\t\t\tclass=\"card__description-text\"\n\t\t\t\t\t\t\t\t\t\t\t\t\t\t\t\t\t\tstyle=\"--udd-blocks--cards-v2--show-lines: 3\"\n\t\t\t\t\t\t\t\t\t\t\t\t\t\t\t\t\t>\n\t\t\t\t\t\t\t\t\t<p>incluye el uso de herramientas avanzadas de modelaci\u00f3n matem\u00e1tica, simulaci\u00f3n, anal\u00edtica operacional y t\u00e9cnicas de optimizaci\u00f3n determinista, estoc\u00e1stica y robusta. El enfoque incorpora la gesti\u00f3n de riesgos y la toma de decisiones bajo incertidumbre, m\u00e9todos probabil\u00edsticos y teor\u00eda de decisiones, con el objetivo de maximizar la eficiencia, reducir costos y minimizar impactos ambientales. Adem\u00e1s, se aborda la gesti\u00f3n y an\u00e1lisis de sistemas urbanos y territoriales complejos , mediante enfoques sist\u00e9micos, modelado de redes, simulaci\u00f3n de din\u00e1micas urbanas e integraci\u00f3n de datos espaciales y temporales.<\/p>\n\t\t\t\t\t\t\t\t<\/div>\n\t\t\t\t\t\t\t\t\t\t\t\t\t\t\t<\/div>\n\t\t\t\t\t\t\t\t\t\t\t\t\t<\/div>\n\t\t\t\t\t<\/div>\n\t\t\t\t\t\t\t\t\t\t\t\t\t\t\t\t<div class=\"card-wrapper\">\n\t\t\t\t\t\t<div class=\"card\">\n\t\t\t\t\t\t\t\t\t\t\t\t\t\t<h3 class=\"card__title\">Sostenibilidad y resiliencia frente al cambio clim\u00e1tico<\/h3>\n\t\t\t\t\t\t\t\t\t\t\t\t\t\t<div\n\t\t\t\t\t\t\t\tid=\"see-more__udd-cards-v2--1-1\"\n\t\t\t\t\t\t\t\tclass=\"card__description \"\n\t\t\t\t\t\t\t>\n\t\t\t\t\t\t\t\t<div\n\t\t\t\t\t\t\t\t\tclass=\"card__description-text\"\n\t\t\t\t\t\t\t\t\t\t\t\t\t\t\t\t\t\tstyle=\"--udd-blocks--cards-v2--show-lines: 3\"\n\t\t\t\t\t\t\t\t\t\t\t\t\t\t\t\t\t>\n\t\t\t\t\t\t\t\t\t<p>incluye la aplicaci\u00f3n de m\u00e9todos de ingenier\u00eda orientados a la adaptaci\u00f3n y mitigaci\u00f3n, as\u00ed como la gesti\u00f3n integrada de recursos h\u00eddricos, energ\u00e9ticos y materiales, y el an\u00e1lisis de la circularidad y de la eficiencia en el uso de los recursos. Se promueve el an\u00e1lisis y modelado de sistemas ambientales y ecosistemas naturales mediante el desarrollo y aplicaci\u00f3n de modelos matem\u00e1ticos, estad\u00edsticos y computacionales, con el fin de comprender la din\u00e1mica de los sistemas ecol\u00f3gicos, los procesos de dispersi\u00f3n de contaminantes y las capacidades de adaptaci\u00f3n de los ecosistemas frente a presiones antr\u00f3picas y clim\u00e1ticas.<\/p>\n\t\t\t\t\t\t\t\t<\/div>\n\t\t\t\t\t\t\t\t\t\t\t\t\t\t\t<\/div>\n\t\t\t\t\t\t\t\t\t\t\t\t\t<\/div>\n\t\t\t\t\t<\/div>\n\t\t\t\t\t\t\t\t\t\t<\/div>\n\t\t<\/div>\n\t<\/div>\n<\/section>\n","protected":false},"excerpt":{"rendered":"<p>Esta l\u00ednea estudia el comportamiento, la modelaci\u00f3n y la optimizaci\u00f3n de sistemas din\u00e1micos en contextos industriales y ambientales, utilizando programaci\u00f3n matem\u00e1tica, simulaci\u00f3n avanzada, t\u00e9cnicas heur\u00edsticas y exactas, as\u00ed como enfoques de ciencia de datos e inteligencia artificial. Busca generar herramientas de predicci\u00f3n y de apoyo a la toma de decisiones bajo m\u00faltiples restricciones, orientadas a [&hellip;]<\/p>\n","protected":false},"author":9192278,"featured_media":0,"parent":29,"menu_order":0,"comment_status":"closed","ping_status":"closed","template":"","meta":{"footnotes":""},"class_list":["post-298","page","type-page","status-publish","hentry"],"yoast_head":"<!-- This site is optimized with the Yoast SEO plugin v26.9 - https:\/\/yoast.com\/product\/yoast-seo-wordpress\/ -->\n<title>Ingenier\u00eda de Sistemas Productivos y Ambientales - Doctorado en Ingenier\u00eda Aplicada<\/title>\n<meta name=\"robots\" content=\"index, follow, max-snippet:-1, max-image-preview:large, max-video-preview:-1\" \/>\n<link rel=\"canonical\" href=\"https:\/\/ingenieria.udd.cl\/doctorado-en-ingenieria-aplicada\/lineas-de-investigacion\/ingenieria-de-sistemas-productivos-y-ambientales\/\" \/>\n<meta property=\"og:locale\" content=\"es_ES\" \/>\n<meta property=\"og:type\" content=\"article\" \/>\n<meta property=\"og:title\" content=\"Ingenier\u00eda de Sistemas Productivos y Ambientales - Doctorado en Ingenier\u00eda Aplicada\" \/>\n<meta property=\"og:description\" content=\"Esta l\u00ednea estudia el comportamiento, la modelaci\u00f3n y la optimizaci\u00f3n de sistemas din\u00e1micos en contextos industriales y ambientales, utilizando programaci\u00f3n matem\u00e1tica, simulaci\u00f3n avanzada, t\u00e9cnicas heur\u00edsticas y exactas, as\u00ed como enfoques de ciencia de datos e inteligencia artificial. Busca generar herramientas de predicci\u00f3n y de apoyo a la toma de decisiones bajo m\u00faltiples restricciones, orientadas a [&hellip;]\" \/>\n<meta property=\"og:url\" content=\"https:\/\/ingenieria.udd.cl\/doctorado-en-ingenieria-aplicada\/lineas-de-investigacion\/ingenieria-de-sistemas-productivos-y-ambientales\/\" \/>\n<meta property=\"og:site_name\" content=\"Doctorado en Ingenier\u00eda Aplicada\" \/>\n<meta property=\"article:modified_time\" content=\"2026-03-26T18:48:20+00:00\" \/>\n<meta name=\"twitter:card\" content=\"summary_large_image\" \/>\n<meta name=\"twitter:label1\" content=\"Tiempo de lectura\" \/>\n\t<meta name=\"twitter:data1\" content=\"1 minuto\" \/>\n<script type=\"application\/ld+json\" class=\"yoast-schema-graph\">{\"@context\":\"https:\/\/schema.org\",\"@graph\":[{\"@type\":\"WebPage\",\"@id\":\"https:\/\/ingenieria.udd.cl\/doctorado-en-ingenieria-aplicada\/lineas-de-investigacion\/ingenieria-de-sistemas-productivos-y-ambientales\/\",\"url\":\"https:\/\/ingenieria.udd.cl\/doctorado-en-ingenieria-aplicada\/lineas-de-investigacion\/ingenieria-de-sistemas-productivos-y-ambientales\/\",\"name\":\"Ingenier\u00eda de Sistemas Productivos y Ambientales - Doctorado en Ingenier\u00eda Aplicada\",\"isPartOf\":{\"@id\":\"https:\/\/ingenieria.udd.cl\/doctorado-en-ingenieria-aplicada\/#website\"},\"datePublished\":\"2026-01-27T17:57:17+00:00\",\"dateModified\":\"2026-03-26T18:48:20+00:00\",\"breadcrumb\":{\"@id\":\"https:\/\/ingenieria.udd.cl\/doctorado-en-ingenieria-aplicada\/lineas-de-investigacion\/ingenieria-de-sistemas-productivos-y-ambientales\/#breadcrumb\"},\"inLanguage\":\"es\",\"potentialAction\":[{\"@type\":\"ReadAction\",\"target\":[\"https:\/\/ingenieria.udd.cl\/doctorado-en-ingenieria-aplicada\/lineas-de-investigacion\/ingenieria-de-sistemas-productivos-y-ambientales\/\"]}]},{\"@type\":\"BreadcrumbList\",\"@id\":\"https:\/\/ingenieria.udd.cl\/doctorado-en-ingenieria-aplicada\/lineas-de-investigacion\/ingenieria-de-sistemas-productivos-y-ambientales\/#breadcrumb\",\"itemListElement\":[{\"@type\":\"ListItem\",\"position\":1,\"name\":\"Portada\",\"item\":\"https:\/\/ingenieria.udd.cl\/doctorado-en-ingenieria-aplicada\/\"},{\"@type\":\"ListItem\",\"position\":2,\"name\":\"L\u00edneas de Investigaci\u00f3n\",\"item\":\"https:\/\/ingenieria.udd.cl\/doctorado-en-ingenieria-aplicada\/lineas-de-investigacion\/\"},{\"@type\":\"ListItem\",\"position\":3,\"name\":\"Ingenier\u00eda de Sistemas Productivos y Ambientales\"}]},{\"@type\":\"WebSite\",\"@id\":\"https:\/\/ingenieria.udd.cl\/doctorado-en-ingenieria-aplicada\/#website\",\"url\":\"https:\/\/ingenieria.udd.cl\/doctorado-en-ingenieria-aplicada\/\",\"name\":\"Doctorado en Ingenier\u00eda Aplicada\",\"description\":\"Universidad del Desarrollo\",\"inLanguage\":\"es\"}]}<\/script>\n<!-- \/ Yoast SEO plugin. -->","yoast_head_json":{"title":"Ingenier\u00eda de Sistemas Productivos y Ambientales - Doctorado en Ingenier\u00eda Aplicada","robots":{"index":"index","follow":"follow","max-snippet":"max-snippet:-1","max-image-preview":"max-image-preview:large","max-video-preview":"max-video-preview:-1"},"canonical":"https:\/\/ingenieria.udd.cl\/doctorado-en-ingenieria-aplicada\/lineas-de-investigacion\/ingenieria-de-sistemas-productivos-y-ambientales\/","og_locale":"es_ES","og_type":"article","og_title":"Ingenier\u00eda de Sistemas Productivos y Ambientales - Doctorado en Ingenier\u00eda Aplicada","og_description":"Esta l\u00ednea estudia el comportamiento, la modelaci\u00f3n y la optimizaci\u00f3n de sistemas din\u00e1micos en contextos industriales y ambientales, utilizando programaci\u00f3n matem\u00e1tica, simulaci\u00f3n avanzada, t\u00e9cnicas heur\u00edsticas y exactas, as\u00ed como enfoques de ciencia de datos e inteligencia artificial. Busca generar herramientas de predicci\u00f3n y de apoyo a la toma de decisiones bajo m\u00faltiples restricciones, orientadas a [&hellip;]","og_url":"https:\/\/ingenieria.udd.cl\/doctorado-en-ingenieria-aplicada\/lineas-de-investigacion\/ingenieria-de-sistemas-productivos-y-ambientales\/","og_site_name":"Doctorado en Ingenier\u00eda Aplicada","article_modified_time":"2026-03-26T18:48:20+00:00","twitter_card":"summary_large_image","twitter_misc":{"Tiempo de lectura":"1 minuto"},"schema":{"@context":"https:\/\/schema.org","@graph":[{"@type":"WebPage","@id":"https:\/\/ingenieria.udd.cl\/doctorado-en-ingenieria-aplicada\/lineas-de-investigacion\/ingenieria-de-sistemas-productivos-y-ambientales\/","url":"https:\/\/ingenieria.udd.cl\/doctorado-en-ingenieria-aplicada\/lineas-de-investigacion\/ingenieria-de-sistemas-productivos-y-ambientales\/","name":"Ingenier\u00eda de Sistemas Productivos y Ambientales - Doctorado en Ingenier\u00eda Aplicada","isPartOf":{"@id":"https:\/\/ingenieria.udd.cl\/doctorado-en-ingenieria-aplicada\/#website"},"datePublished":"2026-01-27T17:57:17+00:00","dateModified":"2026-03-26T18:48:20+00:00","breadcrumb":{"@id":"https:\/\/ingenieria.udd.cl\/doctorado-en-ingenieria-aplicada\/lineas-de-investigacion\/ingenieria-de-sistemas-productivos-y-ambientales\/#breadcrumb"},"inLanguage":"es","potentialAction":[{"@type":"ReadAction","target":["https:\/\/ingenieria.udd.cl\/doctorado-en-ingenieria-aplicada\/lineas-de-investigacion\/ingenieria-de-sistemas-productivos-y-ambientales\/"]}]},{"@type":"BreadcrumbList","@id":"https:\/\/ingenieria.udd.cl\/doctorado-en-ingenieria-aplicada\/lineas-de-investigacion\/ingenieria-de-sistemas-productivos-y-ambientales\/#breadcrumb","itemListElement":[{"@type":"ListItem","position":1,"name":"Portada","item":"https:\/\/ingenieria.udd.cl\/doctorado-en-ingenieria-aplicada\/"},{"@type":"ListItem","position":2,"name":"L\u00edneas de Investigaci\u00f3n","item":"https:\/\/ingenieria.udd.cl\/doctorado-en-ingenieria-aplicada\/lineas-de-investigacion\/"},{"@type":"ListItem","position":3,"name":"Ingenier\u00eda de Sistemas Productivos y Ambientales"}]},{"@type":"WebSite","@id":"https:\/\/ingenieria.udd.cl\/doctorado-en-ingenieria-aplicada\/#website","url":"https:\/\/ingenieria.udd.cl\/doctorado-en-ingenieria-aplicada\/","name":"Doctorado en Ingenier\u00eda Aplicada","description":"Universidad del Desarrollo","inLanguage":"es"}]}},"_links":{"self":[{"href":"https:\/\/ingenieria.udd.cl\/doctorado-en-ingenieria-aplicada\/wp-json\/wp\/v2\/pages\/298","targetHints":{"allow":["GET"]}}],"collection":[{"href":"https:\/\/ingenieria.udd.cl\/doctorado-en-ingenieria-aplicada\/wp-json\/wp\/v2\/pages"}],"about":[{"href":"https:\/\/ingenieria.udd.cl\/doctorado-en-ingenieria-aplicada\/wp-json\/wp\/v2\/types\/page"}],"author":[{"embeddable":true,"href":"https:\/\/ingenieria.udd.cl\/doctorado-en-ingenieria-aplicada\/wp-json\/wp\/v2\/users\/9192278"}],"replies":[{"embeddable":true,"href":"https:\/\/ingenieria.udd.cl\/doctorado-en-ingenieria-aplicada\/wp-json\/wp\/v2\/comments?post=298"}],"version-history":[{"count":1,"href":"https:\/\/ingenieria.udd.cl\/doctorado-en-ingenieria-aplicada\/wp-json\/wp\/v2\/pages\/298\/revisions"}],"predecessor-version":[{"id":299,"href":"https:\/\/ingenieria.udd.cl\/doctorado-en-ingenieria-aplicada\/wp-json\/wp\/v2\/pages\/298\/revisions\/299"}],"up":[{"embeddable":true,"href":"https:\/\/ingenieria.udd.cl\/doctorado-en-ingenieria-aplicada\/wp-json\/wp\/v2\/pages\/29"}],"wp:attachment":[{"href":"https:\/\/ingenieria.udd.cl\/doctorado-en-ingenieria-aplicada\/wp-json\/wp\/v2\/media?parent=298"}],"curies":[{"name":"wp","href":"https:\/\/api.w.org\/{rel}","templated":true}]}}