{"id":369,"date":"2026-02-23T15:13:25","date_gmt":"2026-02-23T18:13:25","guid":{"rendered":"https:\/\/ingenieria.udd.cl\/doctorado-en-ingenieria-aplicada\/?page_id=369"},"modified":"2026-03-26T15:42:35","modified_gmt":"2026-03-26T18:42:35","slug":"369-2","status":"publish","type":"page","link":"https:\/\/ingenieria.udd.cl\/doctorado-en-ingenieria-aplicada\/369-2\/","title":{"rendered":"Vinculaci\u00f3n con la industria"},"content":{"rendered":"<!-- WP Block: UDD - Banner -->\n<section class=\"wp-block-udd-banner is-style-default \">\n\t\n<div class=\"banner banner--fullwidth\">\n\t\t\t<img loading=\"lazy\" decoding=\"async\" width=\"1066\" height=\"1080\" src=\"https:\/\/ingenieria.udd.cl\/doctorado-en-ingenieria-aplicada\/files\/2026\/02\/whatsapp-image-2026-02-24-at-3-46-59-pm-1066x1080.jpeg\" class=\"banner__image\" alt=\"\" srcset=\"https:\/\/ingenieria.udd.cl\/doctorado-en-ingenieria-aplicada\/files\/2026\/02\/whatsapp-image-2026-02-24-at-3-46-59-pm-1066x1080.jpeg 1066w, https:\/\/ingenieria.udd.cl\/doctorado-en-ingenieria-aplicada\/files\/2026\/02\/whatsapp-image-2026-02-24-at-3-46-59-pm-62x62.jpeg 62w\" sizes=\"auto, (max-width: 1066px) 100vw, 1066px\" \/>\t\t<div class=\"banner__content\">\n\t\t<span class=\"banner__title\"><\/span>\n\t\t<span class=\"banner__description\">El Doctorado en Ingenier\u00eda Aplicada UDD integra la vinculaci\u00f3n con la industria, el sector p\u00fablico y el sistema de salud como parte central de la formaci\u00f3n doctoral. A trav\u00e9s de pasant\u00edas, tesis aplicadas y trabajo con organizaciones, los estudiantes desarrollan investigaci\u00f3n conectada con desaf\u00edos reales, generando soluciones con impacto y proyecci\u00f3n.<\/span>\n\t<\/div>\n<\/div>\n<\/section>\n\n\n\n<h2 class=\"wp-block-heading\">9 razones para asociarse a nuestro programa<\/h2>\n\n\n\n<p>Esta propuesta combina excelencia acad\u00e9mica, enfoque interdisciplinario y una fuerte conexi\u00f3n con el entorno. Estas son las principales razones para elegir el Doctorado en Ingenier\u00eda Aplicada UDD:<\/p>\n\n\n<!-- WP Block: UDD - Featured Attributes -->\n<section\n\tclass=\"wp-block-udd-featured-attributes\"\n\t\tstyle=\"\n\t\t--udd-blocks--featured-attributes--columns: 3;\n\t\t--udd-blocks--featured-attributes--link-color: ;\n\t\tbackground-color: ;\n\t\"\n\t>\n\t<div class=\"container\">\n\t\t<div\n\t\t\tclass=\"features-wrapper \"\n\t\t\tdata-slick='{&quot;appendDots&quot;:&quot;#dots-&quot;,&quot;prevArrow&quot;:&quot;&lt;button type=\\&quot;button\\&quot; class=\\&quot;slick-prev\\&quot;&gt;&lt;svg class=\\&quot;svg-chevron-left-dims\\&quot;&gt;&lt;use xlink:href=&#039;https:\\\/\\\/ingenieria.udd.cl\\\/doctorado-en-ingenieria-aplicada\\\/wp-content\\\/themes\\\/facultades-2018\\\/assets\\\/img\\\/svg\\\/dist\\\/main.svg?version=1695853099#chevron-left&#039;&gt;&lt;\\\/use&gt;&lt;\\\/svg&gt;&lt;span class = \\&quot;sr-only\\&quot;&gt;Anterior&lt;\\\/span&gt;&lt;\\\/button&gt;&quot;,&quot;nextArrow&quot;:&quot;&lt;button type=\\&quot;button\\&quot; class=\\&quot;slick-next\\&quot;&gt;&lt;svg class=\\&quot;svg-chevron-right-dims\\&quot;&gt;&lt;use xlink:href=&#039;https:\\\/\\\/ingenieria.udd.cl\\\/doctorado-en-ingenieria-aplicada\\\/wp-content\\\/themes\\\/facultades-2018\\\/assets\\\/img\\\/svg\\\/dist\\\/main.svg?version=1695853099#chevron-right&#039;&gt;&lt;\\\/use&gt;&lt;\\\/svg&gt;&lt;span class=\\&quot;sr-only\\&quot;&gt;Siguiente&lt;\\\/span&gt;&lt;\\\/button&gt;&quot;,&quot;infinite&quot;:true,&quot;dots&quot;:true}'\n\t\t>\n\t\t\t<div class=\"featured-attribute\">\n\t\t<span class=\"featured-attribute__link\">\n\t\n\t\t\t\t<div\n\t\t\tclass=\"featured-attribute__icon\"\n\t\t\tstyle=\"--feature-icon-url: url(https:\/\/ingenieria.udd.cl\/doctorado-en-ingenieria-aplicada\/files\/2026\/02\/data-science_3716795.png); background-color: \"\n\t\t><\/div>\n\t\t\n\t\t<div>\n\t\t\t\t\t\t\t\t\t<p class=\"featured-attribute__note\">Nuestros graduados tendr\u00e1n una formaci\u00f3n de vanguardia (ciencia de datos, optimizaci\u00f3n robusta, simulaci\u00f3n avanzada) para resolver un desaf\u00edo espec\u00edfico de la organizaci\u00f3n.<\/p>\n\t\t\t\t\t<\/div>\n\t\t<\/span>\n\t<\/div>\n<div class=\"featured-attribute\">\n\t\t<span class=\"featured-attribute__link\">\n\t\n\t\t\t\t<div\n\t\t\tclass=\"featured-attribute__icon\"\n\t\t\tstyle=\"--feature-icon-url: url(https:\/\/ingenieria.udd.cl\/doctorado-en-ingenieria-aplicada\/files\/2026\/02\/building_4659745.png); background-color: \"\n\t\t><\/div>\n\t\t\n\t\t<div>\n\t\t\t\t\t\t\t\t\t<p class=\"featured-attribute__note\">El Perfil de Egreso busca formar l\u00edderes que transforman organizaciones. Nuestros egresados, adem\u00e1s de formaci\u00f3n t\u00e9cnica de vanguardia, ser\u00e1n un l\u00edder de innovaci\u00f3n capaz de asumir roles gerenciales o de consultor\u00eda estrat\u00e9gica.<\/p>\n\t\t\t\t\t<\/div>\n\t\t<\/span>\n\t<\/div>\n<div class=\"featured-attribute\">\n\t\t<span class=\"featured-attribute__link\">\n\t\n\t\t\t\t<div\n\t\t\tclass=\"featured-attribute__icon\"\n\t\t\tstyle=\"--feature-icon-url: url(https:\/\/ingenieria.udd.cl\/doctorado-en-ingenieria-aplicada\/files\/2026\/02\/head_4743608.png); background-color: \"\n\t\t><\/div>\n\t\t\n\t\t<div>\n\t\t\t\t\t\t\t\t\t<p class=\"featured-attribute__note\">Al participar en el programa, la empresa contribuye a formar (y potencialmente retener) profesionales con habilidades cr\u00edticas.<\/p>\n\t\t\t\t\t<\/div>\n\t\t<\/span>\n\t<\/div>\n<div class=\"featured-attribute\">\n\t\t<span class=\"featured-attribute__link\">\n\t\n\t\t\t\t<div\n\t\t\tclass=\"featured-attribute__icon\"\n\t\t\tstyle=\"--feature-icon-url: url(https:\/\/ingenieria.udd.cl\/doctorado-en-ingenieria-aplicada\/files\/2026\/02\/award_3439884.png); background-color: \"\n\t\t><\/div>\n\t\t\n\t\t<div>\n\t\t\t\t\t\t\t\t\t<p class=\"featured-attribute__note\">Los profesores del programa poseen una trayectoria comprobada en proyectos de I+D+i y colaboraci\u00f3n con sectores p\u00fablicos y privados. No solo dominan la teor\u00eda, sino que entienden los lenguajes, tiempos y necesidades de la industria.<\/p>\n\t\t\t\t\t<\/div>\n\t\t<\/span>\n\t<\/div>\n<div class=\"featured-attribute\">\n\t\t<span class=\"featured-attribute__link\">\n\t\n\t\t\t\t<div\n\t\t\tclass=\"featured-attribute__icon\"\n\t\t\tstyle=\"--feature-icon-url: url(https:\/\/ingenieria.udd.cl\/doctorado-en-ingenieria-aplicada\/files\/2026\/02\/global_3716836.png); background-color: \"\n\t\t><\/div>\n\t\t\n\t\t<div>\n\t\t\t\t\t\t\t\t\t<p class=\"featured-attribute__note\">Acceso a un cuerpo docente de excelencia con reconocimiento nacional e internacional. Nuestro claustro act\u00faa como un consultor de alto nivel para los proyectos desarrollados en conjunto.<\/p>\n\t\t\t\t\t<\/div>\n\t\t<\/span>\n\t<\/div>\n<div class=\"featured-attribute\">\n\t\t<span class=\"featured-attribute__link\">\n\t\n\t\t\t\t<div\n\t\t\tclass=\"featured-attribute__icon\"\n\t\t\tstyle=\"--feature-icon-url: url(https:\/\/ingenieria.udd.cl\/doctorado-en-ingenieria-aplicada\/files\/2026\/02\/edit-tools_1798382.png); background-color: \"\n\t\t><\/div>\n\t\t\n\t\t<div>\n\t\t\t\t\t\t\t\t\t<p class=\"featured-attribute__note\">La diversidad de nuestro claustro permite abordar un problema industrial desde m\u00faltiples \u00e1ngulos, garantizando soluciones robustas y creativas.<\/p>\n\t\t\t\t\t<\/div>\n\t\t<\/span>\n\t<\/div>\n<div class=\"featured-attribute\">\n\t\t<span class=\"featured-attribute__link\">\n\t\n\t\t\t\t<div\n\t\t\tclass=\"featured-attribute__icon\"\n\t\t\tstyle=\"--feature-icon-url: url(https:\/\/ingenieria.udd.cl\/doctorado-en-ingenieria-aplicada\/files\/2026\/02\/laptop_5074758.png); background-color: \"\n\t\t><\/div>\n\t\t\n\t\t<div>\n\t\t\t\t\t\t\t\t\t<p class=\"featured-attribute__note\">\nUna Malla de Estudio Dise\u00f1ada para la Empresa con inmersi\u00f3n industrial temprana. Los estudiantes realizan una inmersi\u00f3n total en la organizaci\u00f3n para proponer soluciones factibles a problemas reales, considerando recursos humanos y financieros disponibles.<\/p>\n\t\t\t\t\t<\/div>\n\t\t<\/span>\n\t<\/div>\n<div class=\"featured-attribute\">\n\t\t<span class=\"featured-attribute__link\">\n\t\n\t\t\t\t<div\n\t\t\tclass=\"featured-attribute__icon\"\n\t\t\tstyle=\"--feature-icon-url: url(https:\/\/ingenieria.udd.cl\/doctorado-en-ingenieria-aplicada\/files\/2026\/02\/bank_4018118.png); background-color: \"\n\t\t><\/div>\n\t\t\n\t\t<div>\n\t\t\t\t\t\t\t\t\t<p class=\"featured-attribute__note\">La malla contempla asignaturas obligatorias de gesti\u00f3n del conocimiento y gobernanza y \u00e9tica para que el trabajo realizado en la empresa cumpla con est\u00e1ndares de propiedad intelectual, secreto industrial y sustentabilidad.<\/p>\n\t\t\t\t\t<\/div>\n\t\t<\/span>\n\t<\/div>\n<div class=\"featured-attribute\">\n\t\t<span class=\"featured-attribute__link\">\n\t\n\t\t\t\t<div\n\t\t\tclass=\"featured-attribute__icon\"\n\t\t\tstyle=\"--feature-icon-url: url(https:\/\/ingenieria.udd.cl\/doctorado-en-ingenieria-aplicada\/files\/2026\/02\/laptop_5366425.png); background-color: \"\n\t\t><\/div>\n\t\t\n\t\t<div>\n\t\t\t\t\t\t\t\t\t<p class=\"featured-attribute__note\">No buscamos solo publicaciones acad\u00e9micas: la graduaci\u00f3n por transferencia tecnol\u00f3gica o patentamiento permite que el estudiante valide su grado demostrando que su investigaci\u00f3n se aplic\u00f3 con \u00e9xito en un entorno real, generando un impacto medible en la empresa.<\/p>\n\t\t\t\t\t<\/div>\n\t\t<\/span>\n\t<\/div>\n\t\t<\/div>\n\n\t\t\t<\/div>\n<\/section>\n\n\n\n<div class=\"wp-block-media-text alignfull is-stacked-on-mobile is-image-fill-element\" style=\"grid-template-columns:35% auto\"><figure class=\"wp-block-media-text__media\"><img loading=\"lazy\" decoding=\"async\" width=\"749\" height=\"1024\" src=\"https:\/\/ingenieria.udd.cl\/doctorado-en-ingenieria-aplicada\/files\/2026\/02\/whatsapp-image-2026-02-24-at-3-44-01-pm-749x1024.jpeg\" alt=\"\" class=\"wp-image-392 size-large\" style=\"object-position:53% 35%\" srcset=\"https:\/\/ingenieria.udd.cl\/doctorado-en-ingenieria-aplicada\/files\/2026\/02\/whatsapp-image-2026-02-24-at-3-44-01-pm-749x1024.jpeg 749w, https:\/\/ingenieria.udd.cl\/doctorado-en-ingenieria-aplicada\/files\/2026\/02\/whatsapp-image-2026-02-24-at-3-44-01-pm-220x300.jpeg 220w, https:\/\/ingenieria.udd.cl\/doctorado-en-ingenieria-aplicada\/files\/2026\/02\/whatsapp-image-2026-02-24-at-3-44-01-pm-768x1049.jpeg 768w, https:\/\/ingenieria.udd.cl\/doctorado-en-ingenieria-aplicada\/files\/2026\/02\/whatsapp-image-2026-02-24-at-3-44-01-pm-1124x1536.jpeg 1124w, https:\/\/ingenieria.udd.cl\/doctorado-en-ingenieria-aplicada\/files\/2026\/02\/whatsapp-image-2026-02-24-at-3-44-01-pm.jpeg 1171w\" sizes=\"auto, (max-width: 749px) 100vw, 749px\" \/><\/figure><div class=\"wp-block-media-text__content\">\n<p class=\"has-brand-primary-dark-color has-pure-white-background-color has-text-color has-background has-link-color wp-elements-4578dfd626ea0a0fe656965684d2d93b\">Formar parte del Doctorado en Ingenier\u00eda Aplicada permite a las empresas atraer, desarrollar y retener talento de alto nivel. El modelo de colaboraci\u00f3n fomenta que profesionales de la industria participen activamente como co-directores de tesis, aportando su visi\u00f3n del mundo real a la formaci\u00f3n acad\u00e9mico. La formulaci\u00f3n conjunta de problemas y la co-formaci\u00f3n de profesional genera activos tecnol\u00f3gicos y de propiedad intelectual para las empresas.<\/p>\n<\/div><\/div>\n\n\n\n<p class=\"has-pure-white-color has-text-color has-link-color wp-elements-3a7d72a1333a279d75df411f3f47ed07\"><\/p>\n\n\n\n<p><\/p>\n","protected":false},"excerpt":{"rendered":"<p>9 razones para asociarse a nuestro programa Esta propuesta combina excelencia acad\u00e9mica, enfoque interdisciplinario y una fuerte conexi\u00f3n con el entorno. Estas son las principales razones para elegir el Doctorado en Ingenier\u00eda Aplicada UDD: Formar parte del Doctorado en Ingenier\u00eda Aplicada permite a las empresas atraer, desarrollar y retener talento de alto nivel. El modelo [&hellip;]<\/p>\n","protected":false},"author":9192278,"featured_media":0,"parent":0,"menu_order":0,"comment_status":"closed","ping_status":"closed","template":"","meta":{"footnotes":""},"class_list":["post-369","page","type-page","status-publish","hentry"],"yoast_head":"<!-- This site is optimized with the Yoast SEO plugin v26.9 - https:\/\/yoast.com\/product\/yoast-seo-wordpress\/ -->\n<title>Vinculaci\u00f3n con la industria - Doctorado en Ingenier\u00eda Aplicada<\/title>\n<meta name=\"robots\" content=\"index, follow, max-snippet:-1, max-image-preview:large, max-video-preview:-1\" \/>\n<link rel=\"canonical\" href=\"https:\/\/ingenieria.udd.cl\/doctorado-en-ingenieria-aplicada\/369-2\/\" \/>\n<meta property=\"og:locale\" content=\"es_ES\" \/>\n<meta property=\"og:type\" content=\"article\" \/>\n<meta property=\"og:title\" content=\"Vinculaci\u00f3n con la industria - Doctorado en Ingenier\u00eda Aplicada\" \/>\n<meta property=\"og:description\" content=\"9 razones para asociarse a nuestro programa Esta propuesta combina excelencia acad\u00e9mica, enfoque interdisciplinario y una fuerte conexi\u00f3n con el entorno. Estas son las principales razones para elegir el Doctorado en Ingenier\u00eda Aplicada UDD: Formar parte del Doctorado en Ingenier\u00eda Aplicada permite a las empresas atraer, desarrollar y retener talento de alto nivel. El modelo [&hellip;]\" \/>\n<meta property=\"og:url\" content=\"https:\/\/ingenieria.udd.cl\/doctorado-en-ingenieria-aplicada\/369-2\/\" \/>\n<meta property=\"og:site_name\" content=\"Doctorado en Ingenier\u00eda Aplicada\" \/>\n<meta property=\"article:modified_time\" content=\"2026-03-26T18:42:35+00:00\" \/>\n<meta property=\"og:image\" content=\"https:\/\/ingenieria.udd.cl\/doctorado-en-ingenieria-aplicada\/files\/2026\/02\/whatsapp-image-2026-02-24-at-3-44-01-pm-749x1024.jpeg\" \/>\n<meta name=\"twitter:card\" content=\"summary_large_image\" \/>\n<meta name=\"twitter:label1\" content=\"Tiempo de lectura\" \/>\n\t<meta name=\"twitter:data1\" content=\"1 minuto\" \/>\n<script type=\"application\/ld+json\" class=\"yoast-schema-graph\">{\"@context\":\"https:\/\/schema.org\",\"@graph\":[{\"@type\":\"WebPage\",\"@id\":\"https:\/\/ingenieria.udd.cl\/doctorado-en-ingenieria-aplicada\/369-2\/\",\"url\":\"https:\/\/ingenieria.udd.cl\/doctorado-en-ingenieria-aplicada\/369-2\/\",\"name\":\"Vinculaci\u00f3n con la industria - Doctorado en Ingenier\u00eda Aplicada\",\"isPartOf\":{\"@id\":\"https:\/\/ingenieria.udd.cl\/doctorado-en-ingenieria-aplicada\/#website\"},\"primaryImageOfPage\":{\"@id\":\"https:\/\/ingenieria.udd.cl\/doctorado-en-ingenieria-aplicada\/369-2\/#primaryimage\"},\"image\":{\"@id\":\"https:\/\/ingenieria.udd.cl\/doctorado-en-ingenieria-aplicada\/369-2\/#primaryimage\"},\"thumbnailUrl\":\"https:\/\/ingenieria.udd.cl\/doctorado-en-ingenieria-aplicada\/files\/2026\/02\/whatsapp-image-2026-02-24-at-3-44-01-pm-749x1024.jpeg\",\"datePublished\":\"2026-02-23T18:13:25+00:00\",\"dateModified\":\"2026-03-26T18:42:35+00:00\",\"breadcrumb\":{\"@id\":\"https:\/\/ingenieria.udd.cl\/doctorado-en-ingenieria-aplicada\/369-2\/#breadcrumb\"},\"inLanguage\":\"es\",\"potentialAction\":[{\"@type\":\"ReadAction\",\"target\":[\"https:\/\/ingenieria.udd.cl\/doctorado-en-ingenieria-aplicada\/369-2\/\"]}]},{\"@type\":\"ImageObject\",\"inLanguage\":\"es\",\"@id\":\"https:\/\/ingenieria.udd.cl\/doctorado-en-ingenieria-aplicada\/369-2\/#primaryimage\",\"url\":\"https:\/\/ingenieria.udd.cl\/doctorado-en-ingenieria-aplicada\/files\/2026\/02\/whatsapp-image-2026-02-24-at-3-44-01-pm.jpeg\",\"contentUrl\":\"https:\/\/ingenieria.udd.cl\/doctorado-en-ingenieria-aplicada\/files\/2026\/02\/whatsapp-image-2026-02-24-at-3-44-01-pm.jpeg\",\"width\":1171,\"height\":1600},{\"@type\":\"BreadcrumbList\",\"@id\":\"https:\/\/ingenieria.udd.cl\/doctorado-en-ingenieria-aplicada\/369-2\/#breadcrumb\",\"itemListElement\":[{\"@type\":\"ListItem\",\"position\":1,\"name\":\"Portada\",\"item\":\"https:\/\/ingenieria.udd.cl\/doctorado-en-ingenieria-aplicada\/\"},{\"@type\":\"ListItem\",\"position\":2,\"name\":\"Vinculaci\u00f3n con la industria\"}]},{\"@type\":\"WebSite\",\"@id\":\"https:\/\/ingenieria.udd.cl\/doctorado-en-ingenieria-aplicada\/#website\",\"url\":\"https:\/\/ingenieria.udd.cl\/doctorado-en-ingenieria-aplicada\/\",\"name\":\"Doctorado en Ingenier\u00eda Aplicada\",\"description\":\"Universidad del Desarrollo\",\"inLanguage\":\"es\"}]}<\/script>\n<!-- \/ Yoast SEO plugin. -->","yoast_head_json":{"title":"Vinculaci\u00f3n con la industria - Doctorado en Ingenier\u00eda Aplicada","robots":{"index":"index","follow":"follow","max-snippet":"max-snippet:-1","max-image-preview":"max-image-preview:large","max-video-preview":"max-video-preview:-1"},"canonical":"https:\/\/ingenieria.udd.cl\/doctorado-en-ingenieria-aplicada\/369-2\/","og_locale":"es_ES","og_type":"article","og_title":"Vinculaci\u00f3n con la industria - Doctorado en Ingenier\u00eda Aplicada","og_description":"9 razones para asociarse a nuestro programa Esta propuesta combina excelencia acad\u00e9mica, enfoque interdisciplinario y una fuerte conexi\u00f3n con el entorno. Estas son las principales razones para elegir el Doctorado en Ingenier\u00eda Aplicada UDD: Formar parte del Doctorado en Ingenier\u00eda Aplicada permite a las empresas atraer, desarrollar y retener talento de alto nivel. El modelo [&hellip;]","og_url":"https:\/\/ingenieria.udd.cl\/doctorado-en-ingenieria-aplicada\/369-2\/","og_site_name":"Doctorado en Ingenier\u00eda Aplicada","article_modified_time":"2026-03-26T18:42:35+00:00","og_image":[{"url":"https:\/\/ingenieria.udd.cl\/doctorado-en-ingenieria-aplicada\/files\/2026\/02\/whatsapp-image-2026-02-24-at-3-44-01-pm-749x1024.jpeg","type":"","width":"","height":""}],"twitter_card":"summary_large_image","twitter_misc":{"Tiempo de lectura":"1 minuto"},"schema":{"@context":"https:\/\/schema.org","@graph":[{"@type":"WebPage","@id":"https:\/\/ingenieria.udd.cl\/doctorado-en-ingenieria-aplicada\/369-2\/","url":"https:\/\/ingenieria.udd.cl\/doctorado-en-ingenieria-aplicada\/369-2\/","name":"Vinculaci\u00f3n con la industria - Doctorado en Ingenier\u00eda Aplicada","isPartOf":{"@id":"https:\/\/ingenieria.udd.cl\/doctorado-en-ingenieria-aplicada\/#website"},"primaryImageOfPage":{"@id":"https:\/\/ingenieria.udd.cl\/doctorado-en-ingenieria-aplicada\/369-2\/#primaryimage"},"image":{"@id":"https:\/\/ingenieria.udd.cl\/doctorado-en-ingenieria-aplicada\/369-2\/#primaryimage"},"thumbnailUrl":"https:\/\/ingenieria.udd.cl\/doctorado-en-ingenieria-aplicada\/files\/2026\/02\/whatsapp-image-2026-02-24-at-3-44-01-pm-749x1024.jpeg","datePublished":"2026-02-23T18:13:25+00:00","dateModified":"2026-03-26T18:42:35+00:00","breadcrumb":{"@id":"https:\/\/ingenieria.udd.cl\/doctorado-en-ingenieria-aplicada\/369-2\/#breadcrumb"},"inLanguage":"es","potentialAction":[{"@type":"ReadAction","target":["https:\/\/ingenieria.udd.cl\/doctorado-en-ingenieria-aplicada\/369-2\/"]}]},{"@type":"ImageObject","inLanguage":"es","@id":"https:\/\/ingenieria.udd.cl\/doctorado-en-ingenieria-aplicada\/369-2\/#primaryimage","url":"https:\/\/ingenieria.udd.cl\/doctorado-en-ingenieria-aplicada\/files\/2026\/02\/whatsapp-image-2026-02-24-at-3-44-01-pm.jpeg","contentUrl":"https:\/\/ingenieria.udd.cl\/doctorado-en-ingenieria-aplicada\/files\/2026\/02\/whatsapp-image-2026-02-24-at-3-44-01-pm.jpeg","width":1171,"height":1600},{"@type":"BreadcrumbList","@id":"https:\/\/ingenieria.udd.cl\/doctorado-en-ingenieria-aplicada\/369-2\/#breadcrumb","itemListElement":[{"@type":"ListItem","position":1,"name":"Portada","item":"https:\/\/ingenieria.udd.cl\/doctorado-en-ingenieria-aplicada\/"},{"@type":"ListItem","position":2,"name":"Vinculaci\u00f3n con la industria"}]},{"@type":"WebSite","@id":"https:\/\/ingenieria.udd.cl\/doctorado-en-ingenieria-aplicada\/#website","url":"https:\/\/ingenieria.udd.cl\/doctorado-en-ingenieria-aplicada\/","name":"Doctorado en Ingenier\u00eda Aplicada","description":"Universidad del Desarrollo","inLanguage":"es"}]}},"_links":{"self":[{"href":"https:\/\/ingenieria.udd.cl\/doctorado-en-ingenieria-aplicada\/wp-json\/wp\/v2\/pages\/369","targetHints":{"allow":["GET"]}}],"collection":[{"href":"https:\/\/ingenieria.udd.cl\/doctorado-en-ingenieria-aplicada\/wp-json\/wp\/v2\/pages"}],"about":[{"href":"https:\/\/ingenieria.udd.cl\/doctorado-en-ingenieria-aplicada\/wp-json\/wp\/v2\/types\/page"}],"author":[{"embeddable":true,"href":"https:\/\/ingenieria.udd.cl\/doctorado-en-ingenieria-aplicada\/wp-json\/wp\/v2\/users\/9192278"}],"replies":[{"embeddable":true,"href":"https:\/\/ingenieria.udd.cl\/doctorado-en-ingenieria-aplicada\/wp-json\/wp\/v2\/comments?post=369"}],"version-history":[{"count":49,"href":"https:\/\/ingenieria.udd.cl\/doctorado-en-ingenieria-aplicada\/wp-json\/wp\/v2\/pages\/369\/revisions"}],"predecessor-version":[{"id":463,"href":"https:\/\/ingenieria.udd.cl\/doctorado-en-ingenieria-aplicada\/wp-json\/wp\/v2\/pages\/369\/revisions\/463"}],"wp:attachment":[{"href":"https:\/\/ingenieria.udd.cl\/doctorado-en-ingenieria-aplicada\/wp-json\/wp\/v2\/media?parent=369"}],"curies":[{"name":"wp","href":"https:\/\/api.w.org\/{rel}","templated":true}]}}