{"id":490,"date":"2021-06-14T21:55:21","date_gmt":"2021-06-14T19:55:21","guid":{"rendered":"https:\/\/ingenieria.udd.cl\/enviro\/?page_id=490"},"modified":"2021-06-24T00:05:17","modified_gmt":"2021-06-23T22:05:17","slug":"estaciones-de-monitoreo-de-agua","status":"publish","type":"page","link":"https:\/\/ingenieria.udd.cl\/enviro\/estaciones-de-monitoreo-de-agua\/","title":{"rendered":"Estaciones de monitoreo de agua"},"content":{"rendered":"<section\n\tclass=\"wp-block-udd-text-row block--bg-gradient\"\n\t\t>\n\t<div class=\"text-row\">\n\t\t<div class=\"text-row__content\">\n\t\t\t<div class=\"text-row__content-inner text\">\n\t\t\t\t\t\t\t\t<h2>Estaciones de monitoreo de agua<\/h2>\n\t\t\t\t\t\t\t\t\n<p>Hemos desarrollado Estaciones de Monitoreo Remoto para estudiar la Calidad del Agua con datos de alta frecuencia. Estas estaciones determinan diariamente los par\u00e1metros asociados a la calidad del agua de un r\u00edo o lago y funcionan aut\u00f3nomamente con energ\u00eda solar, env\u00edan los datos hacia una base de datos para una visualizaci\u00f3n en l\u00ednea de forma r\u00e1pida e interactiva de todos los par\u00e1metros. Los par\u00e1metros capaces de monitorear son pH, temperatura, ox\u00edgeno disuelto, salinidad, conductividad, potencial \u00f3xido reducci\u00f3n y s\u00f3lidos disueltos totales. Adem\u00e1s, se pueden agregar otros sensores al sistema, as\u00ed como ser vers\u00e1tiles a otros tipos de requerimientos como acuicultura, agricultura o algunos tipos de gases. Estos sistemas son desarrollados por nuestro equipo en Concepci\u00f3n y puedes contactar con ellos si quieres saber m\u00e1s sobre su posible uso al correo\u00a0<a rel=\"noreferrer noopener\" href=\"mailto:spenaj@udd.cl\" target=\"_blank\">spenaj@udd.cl<\/a>.<\/p>\n\t\t\t<\/div>\n\t\t<\/div>\n\t\t<div class=\"text-row__media\">\n\t\t\t<img loading=\"lazy\" decoding=\"async\" width=\"952\" height=\"534\" src=\"https:\/\/ingenieria.udd.cl\/enviro\/files\/2021\/03\/Samuel_calidad-agua-3-300x169.jpeg\" class=\"text-row__media-image lazyload\" alt=\"\" sizes=\"auto, (max-width: 952px) 100vw, 952px\" data-src=\"https:\/\/ingenieria.udd.cl\/enviro\/files\/2021\/03\/Samuel_calidad-agua-3-952x534.jpeg\" data-srcset=\"https:\/\/ingenieria.udd.cl\/enviro\/files\/2021\/03\/Samuel_calidad-agua-3-952x534.jpeg 952w, https:\/\/ingenieria.udd.cl\/enviro\/files\/2021\/03\/Samuel_calidad-agua-3-300x169.jpeg 300w, https:\/\/ingenieria.udd.cl\/enviro\/files\/2021\/03\/Samuel_calidad-agua-3-768x432.jpeg 768w, https:\/\/ingenieria.udd.cl\/enviro\/files\/2021\/03\/Samuel_calidad-agua-3-680x382.jpeg 680w\" \/>\t\t<\/div>\n\t<\/div>\n<\/section>\n\n\n\n<figure class=\"wp-block-gallery columns-3 is-cropped wp-block-gallery-1 is-layout-flex wp-block-gallery-is-layout-flex\"><ul class=\"blocks-gallery-grid\"><li class=\"blocks-gallery-item\"><figure><img loading=\"lazy\" decoding=\"async\" width=\"1024\" height=\"576\" src=\"https:\/\/ingenieria.udd.cl\/enviro\/files\/2021\/06\/Agua_cajon-de-Maipo-4-1-1024x576.jpg\" alt=\"\" data-id=\"959\" data-full-url=\"https:\/\/ingenieria.udd.cl\/enviro\/files\/2021\/06\/Agua_cajon-de-Maipo-4-1-scaled.jpg\" data-link=\"https:\/\/ingenieria.udd.cl\/enviro\/estaciones-de-monitoreo-de-agua\/agua_cajon-de-maipo-4-3\/\" class=\"wp-image-959\" srcset=\"https:\/\/ingenieria.udd.cl\/enviro\/files\/2021\/06\/Agua_cajon-de-Maipo-4-1-1024x576.jpg 1024w, https:\/\/ingenieria.udd.cl\/enviro\/files\/2021\/06\/Agua_cajon-de-Maipo-4-1-300x169.jpg 300w, https:\/\/ingenieria.udd.cl\/enviro\/files\/2021\/06\/Agua_cajon-de-Maipo-4-1-768x432.jpg 768w, https:\/\/ingenieria.udd.cl\/enviro\/files\/2021\/06\/Agua_cajon-de-Maipo-4-1-1536x864.jpg 1536w, https:\/\/ingenieria.udd.cl\/enviro\/files\/2021\/06\/Agua_cajon-de-Maipo-4-1-2048x1152.jpg 2048w, https:\/\/ingenieria.udd.cl\/enviro\/files\/2021\/06\/Agua_cajon-de-Maipo-4-1-1920x1080.jpg 1920w, https:\/\/ingenieria.udd.cl\/enviro\/files\/2021\/06\/Agua_cajon-de-Maipo-4-1-1366x768.jpg 1366w, https:\/\/ingenieria.udd.cl\/enviro\/files\/2021\/06\/Agua_cajon-de-Maipo-4-1-680x382.jpg 680w\" sizes=\"auto, (max-width: 1024px) 100vw, 1024px\" \/><\/figure><\/li><li class=\"blocks-gallery-item\"><figure><img loading=\"lazy\" decoding=\"async\" width=\"576\" height=\"1024\" src=\"https:\/\/ingenieria.udd.cl\/enviro\/files\/2021\/06\/Samuel_calidad-agua-1-1-2-576x1024.jpeg\" alt=\"\" data-id=\"960\" data-full-url=\"https:\/\/ingenieria.udd.cl\/enviro\/files\/2021\/06\/Samuel_calidad-agua-1-1-2.jpeg\" data-link=\"https:\/\/ingenieria.udd.cl\/enviro\/estaciones-de-monitoreo-de-agua\/samuel_calidad-agua-1-1\/\" class=\"wp-image-960\" srcset=\"https:\/\/ingenieria.udd.cl\/enviro\/files\/2021\/06\/Samuel_calidad-agua-1-1-2-576x1024.jpeg 576w, https:\/\/ingenieria.udd.cl\/enviro\/files\/2021\/06\/Samuel_calidad-agua-1-1-2-169x300.jpeg 169w, https:\/\/ingenieria.udd.cl\/enviro\/files\/2021\/06\/Samuel_calidad-agua-1-1-2.jpeg 720w\" sizes=\"auto, (max-width: 576px) 100vw, 576px\" \/><\/figure><\/li><li class=\"blocks-gallery-item\"><figure><img loading=\"lazy\" decoding=\"async\" width=\"576\" height=\"1024\" src=\"https:\/\/ingenieria.udd.cl\/enviro\/files\/2021\/06\/Agua_cajon-de-Maipo-1-1-1-576x1024.jpg\" alt=\"\" data-id=\"958\" data-full-url=\"https:\/\/ingenieria.udd.cl\/enviro\/files\/2021\/06\/Agua_cajon-de-Maipo-1-1-1-scaled.jpg\" data-link=\"https:\/\/ingenieria.udd.cl\/enviro\/estaciones-de-monitoreo-de-agua\/agua_cajon-de-maipo-1-1-2\/\" class=\"wp-image-958\" srcset=\"https:\/\/ingenieria.udd.cl\/enviro\/files\/2021\/06\/Agua_cajon-de-Maipo-1-1-1-576x1024.jpg 576w, https:\/\/ingenieria.udd.cl\/enviro\/files\/2021\/06\/Agua_cajon-de-Maipo-1-1-1-169x300.jpg 169w, https:\/\/ingenieria.udd.cl\/enviro\/files\/2021\/06\/Agua_cajon-de-Maipo-1-1-1-768x1365.jpg 768w, https:\/\/ingenieria.udd.cl\/enviro\/files\/2021\/06\/Agua_cajon-de-Maipo-1-1-1-864x1536.jpg 864w, https:\/\/ingenieria.udd.cl\/enviro\/files\/2021\/06\/Agua_cajon-de-Maipo-1-1-1-1152x2048.jpg 1152w, https:\/\/ingenieria.udd.cl\/enviro\/files\/2021\/06\/Agua_cajon-de-Maipo-1-1-1-scaled.jpg 1440w\" sizes=\"auto, (max-width: 576px) 100vw, 576px\" \/><\/figure><\/li><\/ul><\/figure>\n","protected":false},"excerpt":{"rendered":"","protected":false},"author":9192225,"featured_media":0,"parent":0,"menu_order":0,"comment_status":"closed","ping_status":"closed","template":"","meta":{"footnotes":""},"class_list":["post-490","page","type-page","status-publish","hentry"],"yoast_head":"<!-- This site is optimized with the Yoast SEO plugin v26.9 - https:\/\/yoast.com\/product\/yoast-seo-wordpress\/ -->\n<title>Estaciones de monitoreo de agua - ENVIROHEALTH DATA OBSERVATORY<\/title>\n<meta name=\"robots\" content=\"index, follow, max-snippet:-1, max-image-preview:large, max-video-preview:-1\" \/>\n<link rel=\"canonical\" href=\"https:\/\/ingenieria.udd.cl\/enviro\/estaciones-de-monitoreo-de-agua\/\" \/>\n<meta property=\"og:locale\" content=\"es_ES\" \/>\n<meta property=\"og:type\" content=\"article\" \/>\n<meta property=\"og:title\" content=\"Estaciones de monitoreo de agua - ENVIROHEALTH DATA OBSERVATORY\" \/>\n<meta property=\"og:url\" content=\"https:\/\/ingenieria.udd.cl\/enviro\/estaciones-de-monitoreo-de-agua\/\" \/>\n<meta property=\"og:site_name\" content=\"ENVIROHEALTH DATA OBSERVATORY\" \/>\n<meta property=\"article:modified_time\" content=\"2021-06-23T22:05:17+00:00\" \/>\n<meta property=\"og:image\" content=\"https:\/\/ingenieria.udd.cl\/enviro\/files\/2021\/03\/Samuel_calidad-agua-3.jpeg\" \/>\n<meta name=\"twitter:card\" content=\"summary_large_image\" \/>\n<meta name=\"twitter:label1\" content=\"Tiempo de lectura\" \/>\n\t<meta name=\"twitter:data1\" content=\"1 minuto\" \/>\n<script type=\"application\/ld+json\" class=\"yoast-schema-graph\">{\"@context\":\"https:\/\/schema.org\",\"@graph\":[{\"@type\":\"WebPage\",\"@id\":\"https:\/\/ingenieria.udd.cl\/enviro\/estaciones-de-monitoreo-de-agua\/\",\"url\":\"https:\/\/ingenieria.udd.cl\/enviro\/estaciones-de-monitoreo-de-agua\/\",\"name\":\"Estaciones de monitoreo de agua - ENVIROHEALTH DATA OBSERVATORY\",\"isPartOf\":{\"@id\":\"https:\/\/ingenieria.udd.cl\/enviro\/#website\"},\"primaryImageOfPage\":{\"@id\":\"https:\/\/ingenieria.udd.cl\/enviro\/estaciones-de-monitoreo-de-agua\/#primaryimage\"},\"image\":{\"@id\":\"https:\/\/ingenieria.udd.cl\/enviro\/estaciones-de-monitoreo-de-agua\/#primaryimage\"},\"thumbnailUrl\":\"https:\/\/ingenieria.udd.cl\/enviro\/files\/2021\/03\/Samuel_calidad-agua-3.jpeg\",\"datePublished\":\"2021-06-14T19:55:21+00:00\",\"dateModified\":\"2021-06-23T22:05:17+00:00\",\"breadcrumb\":{\"@id\":\"https:\/\/ingenieria.udd.cl\/enviro\/estaciones-de-monitoreo-de-agua\/#breadcrumb\"},\"inLanguage\":\"es\",\"potentialAction\":[{\"@type\":\"ReadAction\",\"target\":[\"https:\/\/ingenieria.udd.cl\/enviro\/estaciones-de-monitoreo-de-agua\/\"]}]},{\"@type\":\"ImageObject\",\"inLanguage\":\"es\",\"@id\":\"https:\/\/ingenieria.udd.cl\/enviro\/estaciones-de-monitoreo-de-agua\/#primaryimage\",\"url\":\"https:\/\/ingenieria.udd.cl\/enviro\/files\/2021\/03\/Samuel_calidad-agua-3.jpeg\",\"contentUrl\":\"https:\/\/ingenieria.udd.cl\/enviro\/files\/2021\/03\/Samuel_calidad-agua-3.jpeg\",\"width\":1280,\"height\":720},{\"@type\":\"BreadcrumbList\",\"@id\":\"https:\/\/ingenieria.udd.cl\/enviro\/estaciones-de-monitoreo-de-agua\/#breadcrumb\",\"itemListElement\":[{\"@type\":\"ListItem\",\"position\":1,\"name\":\"Portada\",\"item\":\"https:\/\/ingenieria.udd.cl\/enviro\/\"},{\"@type\":\"ListItem\",\"position\":2,\"name\":\"Estaciones de monitoreo de agua\"}]},{\"@type\":\"WebSite\",\"@id\":\"https:\/\/ingenieria.udd.cl\/enviro\/#website\",\"url\":\"https:\/\/ingenieria.udd.cl\/enviro\/\",\"name\":\"ENVIROHEALTH DATA OBSERVATORY\",\"description\":\"www.enviro.udd.cl\",\"inLanguage\":\"es\"}]}<\/script>\n<!-- \/ Yoast SEO plugin. -->","yoast_head_json":{"title":"Estaciones de monitoreo de agua - ENVIROHEALTH DATA OBSERVATORY","robots":{"index":"index","follow":"follow","max-snippet":"max-snippet:-1","max-image-preview":"max-image-preview:large","max-video-preview":"max-video-preview:-1"},"canonical":"https:\/\/ingenieria.udd.cl\/enviro\/estaciones-de-monitoreo-de-agua\/","og_locale":"es_ES","og_type":"article","og_title":"Estaciones de monitoreo de agua - ENVIROHEALTH DATA OBSERVATORY","og_url":"https:\/\/ingenieria.udd.cl\/enviro\/estaciones-de-monitoreo-de-agua\/","og_site_name":"ENVIROHEALTH DATA OBSERVATORY","article_modified_time":"2021-06-23T22:05:17+00:00","og_image":[{"url":"https:\/\/ingenieria.udd.cl\/enviro\/files\/2021\/03\/Samuel_calidad-agua-3.jpeg","type":"","width":"","height":""}],"twitter_card":"summary_large_image","twitter_misc":{"Tiempo de lectura":"1 minuto"},"schema":{"@context":"https:\/\/schema.org","@graph":[{"@type":"WebPage","@id":"https:\/\/ingenieria.udd.cl\/enviro\/estaciones-de-monitoreo-de-agua\/","url":"https:\/\/ingenieria.udd.cl\/enviro\/estaciones-de-monitoreo-de-agua\/","name":"Estaciones de monitoreo de agua - ENVIROHEALTH DATA OBSERVATORY","isPartOf":{"@id":"https:\/\/ingenieria.udd.cl\/enviro\/#website"},"primaryImageOfPage":{"@id":"https:\/\/ingenieria.udd.cl\/enviro\/estaciones-de-monitoreo-de-agua\/#primaryimage"},"image":{"@id":"https:\/\/ingenieria.udd.cl\/enviro\/estaciones-de-monitoreo-de-agua\/#primaryimage"},"thumbnailUrl":"https:\/\/ingenieria.udd.cl\/enviro\/files\/2021\/03\/Samuel_calidad-agua-3.jpeg","datePublished":"2021-06-14T19:55:21+00:00","dateModified":"2021-06-23T22:05:17+00:00","breadcrumb":{"@id":"https:\/\/ingenieria.udd.cl\/enviro\/estaciones-de-monitoreo-de-agua\/#breadcrumb"},"inLanguage":"es","potentialAction":[{"@type":"ReadAction","target":["https:\/\/ingenieria.udd.cl\/enviro\/estaciones-de-monitoreo-de-agua\/"]}]},{"@type":"ImageObject","inLanguage":"es","@id":"https:\/\/ingenieria.udd.cl\/enviro\/estaciones-de-monitoreo-de-agua\/#primaryimage","url":"https:\/\/ingenieria.udd.cl\/enviro\/files\/2021\/03\/Samuel_calidad-agua-3.jpeg","contentUrl":"https:\/\/ingenieria.udd.cl\/enviro\/files\/2021\/03\/Samuel_calidad-agua-3.jpeg","width":1280,"height":720},{"@type":"BreadcrumbList","@id":"https:\/\/ingenieria.udd.cl\/enviro\/estaciones-de-monitoreo-de-agua\/#breadcrumb","itemListElement":[{"@type":"ListItem","position":1,"name":"Portada","item":"https:\/\/ingenieria.udd.cl\/enviro\/"},{"@type":"ListItem","position":2,"name":"Estaciones de monitoreo de agua"}]},{"@type":"WebSite","@id":"https:\/\/ingenieria.udd.cl\/enviro\/#website","url":"https:\/\/ingenieria.udd.cl\/enviro\/","name":"ENVIROHEALTH DATA OBSERVATORY","description":"www.enviro.udd.cl","inLanguage":"es"}]}},"_links":{"self":[{"href":"https:\/\/ingenieria.udd.cl\/enviro\/wp-json\/wp\/v2\/pages\/490","targetHints":{"allow":["GET"]}}],"collection":[{"href":"https:\/\/ingenieria.udd.cl\/enviro\/wp-json\/wp\/v2\/pages"}],"about":[{"href":"https:\/\/ingenieria.udd.cl\/enviro\/wp-json\/wp\/v2\/types\/page"}],"author":[{"embeddable":true,"href":"https:\/\/ingenieria.udd.cl\/enviro\/wp-json\/wp\/v2\/users\/9192225"}],"replies":[{"embeddable":true,"href":"https:\/\/ingenieria.udd.cl\/enviro\/wp-json\/wp\/v2\/comments?post=490"}],"version-history":[{"count":7,"href":"https:\/\/ingenieria.udd.cl\/enviro\/wp-json\/wp\/v2\/pages\/490\/revisions"}],"predecessor-version":[{"id":964,"href":"https:\/\/ingenieria.udd.cl\/enviro\/wp-json\/wp\/v2\/pages\/490\/revisions\/964"}],"wp:attachment":[{"href":"https:\/\/ingenieria.udd.cl\/enviro\/wp-json\/wp\/v2\/media?parent=490"}],"curies":[{"name":"wp","href":"https:\/\/api.w.org\/{rel}","templated":true}]}}