{"id":71,"date":"2021-03-24T21:42:02","date_gmt":"2021-03-24T20:42:02","guid":{"rendered":"https:\/\/ingenieria.udd.cl\/enviro\/?page_id=71"},"modified":"2021-06-23T23:55:11","modified_gmt":"2021-06-23T21:55:11","slug":"proyectos","status":"publish","type":"page","link":"https:\/\/ingenieria.udd.cl\/enviro\/proyectos\/","title":{"rendered":"HIRI"},"content":{"rendered":"<section class=\"wp-block-udd-text-row block--bg-gradient\">\n\t<div class=\"text-row\">\n\t\t<div class=\"text-row__content\">\n\t\t\t<div class=\"text-row__content-inner text\">\n\t\t\t\t\t\t\t\t<h2>HIRI<\/h2>\n\t\t\t\t\t\t\t\t\n<p>Hemos estado desarrollando sensores para medir part\u00edculas en suspensi\u00f3n durante los \u00faltimos a\u00f1os. Los sensores se colocan en robustos estuches a prueba de agua que funcionan con bater\u00edas y se vinculan a una aplicaci\u00f3n de tel\u00e9fono inteligente. Hemos llevado a cabo experimentos de caminata en muchos pueblos de Chile, donde se calibran varios sensores en un punto central y luego los voluntarios recorren una ruta establecida \u00fanica desde el \u00e1rea central, creando as\u00ed una red de datos de exposici\u00f3n sobre una gran \u00e1rea del pueblo en un corto espacio de tiempo. Se llevaron a cabo muchos experimentos en Coyhaique en la Patagonia y en la actualidad estamos probando un prototipo estacionario dentro y fuera de la casa, formando una red continua de monitoreo del efecto de la quema de madera dom\u00e9stica en los residentes.<\/p>\n\t\t\t<\/div>\n\t\t<\/div>\n\t\t<div class=\"text-row__media\">\n\t\t\t<img loading=\"lazy\" decoding=\"async\" width=\"952\" height=\"534\" src=\"https:\/\/ingenieria.udd.cl\/enviro\/files\/2021\/03\/Hiri_coyhaique-4-680x382.jpg\" class=\"text-row__media-image lazyload\" alt=\"\" sizes=\"auto, (max-width: 952px) 100vw, 952px\" data-src=\"https:\/\/ingenieria.udd.cl\/enviro\/files\/2021\/03\/Hiri_coyhaique-4-952x534.jpg\" data-srcset=\"https:\/\/ingenieria.udd.cl\/enviro\/files\/2021\/03\/Hiri_coyhaique-4-952x534.jpg 952w, https:\/\/ingenieria.udd.cl\/enviro\/files\/2021\/03\/Hiri_coyhaique-4-1366x768.jpg 1366w, https:\/\/ingenieria.udd.cl\/enviro\/files\/2021\/03\/Hiri_coyhaique-4-680x382.jpg 680w\" \/>\t\t<\/div>\n\t<\/div>\n<\/section>\n\n\n\n<figure class=\"wp-block-gallery columns-3 is-cropped wp-block-gallery-1 is-layout-flex wp-block-gallery-is-layout-flex\"><ul class=\"blocks-gallery-grid\"><li class=\"blocks-gallery-item\"><figure><img loading=\"lazy\" decoding=\"async\" width=\"611\" height=\"444\" src=\"https:\/\/ingenieria.udd.cl\/enviro\/files\/2021\/06\/megawalk.png\" alt=\"\" data-id=\"944\" data-link=\"https:\/\/ingenieria.udd.cl\/enviro\/proyectos\/megawalk\/\" class=\"wp-image-944\" srcset=\"https:\/\/ingenieria.udd.cl\/enviro\/files\/2021\/06\/megawalk.png 611w, https:\/\/ingenieria.udd.cl\/enviro\/files\/2021\/06\/megawalk-300x218.png 300w, https:\/\/ingenieria.udd.cl\/enviro\/files\/2021\/06\/megawalk-87x62.png 87w\" sizes=\"auto, (max-width: 611px) 100vw, 611px\" \/><\/figure><\/li><li class=\"blocks-gallery-item\"><figure><img loading=\"lazy\" decoding=\"async\" width=\"1024\" height=\"768\" src=\"https:\/\/ingenieria.udd.cl\/enviro\/files\/2021\/06\/Hiri_coyhaique-3-1024x768.jpg\" alt=\"\" data-id=\"946\" data-link=\"https:\/\/ingenieria.udd.cl\/enviro\/proyectos\/hiri_coyhaique-3\/\" class=\"wp-image-946\" srcset=\"https:\/\/ingenieria.udd.cl\/enviro\/files\/2021\/06\/Hiri_coyhaique-3-1024x768.jpg 1024w, https:\/\/ingenieria.udd.cl\/enviro\/files\/2021\/06\/Hiri_coyhaique-3-300x225.jpg 300w, https:\/\/ingenieria.udd.cl\/enviro\/files\/2021\/06\/Hiri_coyhaique-3-768x576.jpg 768w, https:\/\/ingenieria.udd.cl\/enviro\/files\/2021\/06\/Hiri_coyhaique-3-1536x1152.jpg 1536w, https:\/\/ingenieria.udd.cl\/enviro\/files\/2021\/06\/Hiri_coyhaique-3-2048x1536.jpg 2048w\" sizes=\"auto, (max-width: 1024px) 100vw, 1024px\" \/><\/figure><\/li><li class=\"blocks-gallery-item\"><figure><img loading=\"lazy\" decoding=\"async\" width=\"1024\" height=\"878\" src=\"https:\/\/ingenieria.udd.cl\/enviro\/files\/2021\/06\/press-release-COY-1024x878.png\" alt=\"\" data-id=\"947\" data-full-url=\"https:\/\/ingenieria.udd.cl\/enviro\/files\/2021\/06\/press-release-COY.png\" data-link=\"https:\/\/ingenieria.udd.cl\/enviro\/proyectos\/press-release-coy\/\" class=\"wp-image-947\" srcset=\"https:\/\/ingenieria.udd.cl\/enviro\/files\/2021\/06\/press-release-COY-1024x878.png 1024w, https:\/\/ingenieria.udd.cl\/enviro\/files\/2021\/06\/press-release-COY-300x257.png 300w, https:\/\/ingenieria.udd.cl\/enviro\/files\/2021\/06\/press-release-COY-768x658.png 768w, https:\/\/ingenieria.udd.cl\/enviro\/files\/2021\/06\/press-release-COY.png 1063w\" sizes=\"auto, (max-width: 1024px) 100vw, 1024px\" \/><\/figure><\/li><\/ul><\/figure>\n","protected":false},"excerpt":{"rendered":"","protected":false},"author":9192224,"featured_media":30,"parent":0,"menu_order":0,"comment_status":"closed","ping_status":"closed","template":"","meta":{"footnotes":""},"class_list":["post-71","page","type-page","status-publish","has-post-thumbnail","hentry"],"yoast_head":"<!-- This site is optimized with the Yoast SEO plugin v26.9 - https:\/\/yoast.com\/product\/yoast-seo-wordpress\/ -->\n<title>HIRI - ENVIROHEALTH DATA OBSERVATORY<\/title>\n<meta name=\"robots\" content=\"index, follow, max-snippet:-1, max-image-preview:large, max-video-preview:-1\" \/>\n<link rel=\"canonical\" href=\"https:\/\/ingenieria.udd.cl\/enviro\/proyectos\/\" \/>\n<meta property=\"og:locale\" content=\"es_ES\" \/>\n<meta property=\"og:type\" content=\"article\" \/>\n<meta property=\"og:title\" content=\"HIRI - ENVIROHEALTH DATA OBSERVATORY\" \/>\n<meta property=\"og:url\" content=\"https:\/\/ingenieria.udd.cl\/enviro\/proyectos\/\" \/>\n<meta property=\"og:site_name\" content=\"ENVIROHEALTH DATA OBSERVATORY\" \/>\n<meta property=\"article:modified_time\" content=\"2021-06-23T21:55:11+00:00\" \/>\n<meta property=\"og:image\" content=\"https:\/\/ingenieria.udd.cl\/enviro\/files\/2021\/03\/Hiri_coyhaique-4-scaled.jpg\" \/>\n\t<meta property=\"og:image:width\" content=\"2560\" \/>\n\t<meta property=\"og:image:height\" content=\"1920\" \/>\n\t<meta property=\"og:image:type\" content=\"image\/jpeg\" \/>\n<meta name=\"twitter:card\" content=\"summary_large_image\" \/>\n<meta name=\"twitter:label1\" content=\"Tiempo de lectura\" \/>\n\t<meta name=\"twitter:data1\" content=\"1 minuto\" \/>\n<script type=\"application\/ld+json\" class=\"yoast-schema-graph\">{\"@context\":\"https:\/\/schema.org\",\"@graph\":[{\"@type\":\"WebPage\",\"@id\":\"https:\/\/ingenieria.udd.cl\/enviro\/proyectos\/\",\"url\":\"https:\/\/ingenieria.udd.cl\/enviro\/proyectos\/\",\"name\":\"HIRI - ENVIROHEALTH DATA OBSERVATORY\",\"isPartOf\":{\"@id\":\"https:\/\/ingenieria.udd.cl\/enviro\/#website\"},\"primaryImageOfPage\":{\"@id\":\"https:\/\/ingenieria.udd.cl\/enviro\/proyectos\/#primaryimage\"},\"image\":{\"@id\":\"https:\/\/ingenieria.udd.cl\/enviro\/proyectos\/#primaryimage\"},\"thumbnailUrl\":\"https:\/\/ingenieria.udd.cl\/enviro\/files\/2021\/03\/Hiri_coyhaique-4-scaled.jpg\",\"datePublished\":\"2021-03-24T20:42:02+00:00\",\"dateModified\":\"2021-06-23T21:55:11+00:00\",\"breadcrumb\":{\"@id\":\"https:\/\/ingenieria.udd.cl\/enviro\/proyectos\/#breadcrumb\"},\"inLanguage\":\"es\",\"potentialAction\":[{\"@type\":\"ReadAction\",\"target\":[\"https:\/\/ingenieria.udd.cl\/enviro\/proyectos\/\"]}]},{\"@type\":\"ImageObject\",\"inLanguage\":\"es\",\"@id\":\"https:\/\/ingenieria.udd.cl\/enviro\/proyectos\/#primaryimage\",\"url\":\"https:\/\/ingenieria.udd.cl\/enviro\/files\/2021\/03\/Hiri_coyhaique-4-scaled.jpg\",\"contentUrl\":\"https:\/\/ingenieria.udd.cl\/enviro\/files\/2021\/03\/Hiri_coyhaique-4-scaled.jpg\",\"width\":2560,\"height\":1920},{\"@type\":\"BreadcrumbList\",\"@id\":\"https:\/\/ingenieria.udd.cl\/enviro\/proyectos\/#breadcrumb\",\"itemListElement\":[{\"@type\":\"ListItem\",\"position\":1,\"name\":\"Portada\",\"item\":\"https:\/\/ingenieria.udd.cl\/enviro\/\"},{\"@type\":\"ListItem\",\"position\":2,\"name\":\"HIRI\"}]},{\"@type\":\"WebSite\",\"@id\":\"https:\/\/ingenieria.udd.cl\/enviro\/#website\",\"url\":\"https:\/\/ingenieria.udd.cl\/enviro\/\",\"name\":\"ENVIROHEALTH DATA OBSERVATORY\",\"description\":\"www.enviro.udd.cl\",\"inLanguage\":\"es\"}]}<\/script>\n<!-- \/ Yoast SEO plugin. -->","yoast_head_json":{"title":"HIRI - ENVIROHEALTH DATA OBSERVATORY","robots":{"index":"index","follow":"follow","max-snippet":"max-snippet:-1","max-image-preview":"max-image-preview:large","max-video-preview":"max-video-preview:-1"},"canonical":"https:\/\/ingenieria.udd.cl\/enviro\/proyectos\/","og_locale":"es_ES","og_type":"article","og_title":"HIRI - ENVIROHEALTH DATA OBSERVATORY","og_url":"https:\/\/ingenieria.udd.cl\/enviro\/proyectos\/","og_site_name":"ENVIROHEALTH DATA OBSERVATORY","article_modified_time":"2021-06-23T21:55:11+00:00","og_image":[{"width":2560,"height":1920,"url":"https:\/\/ingenieria.udd.cl\/enviro\/files\/2021\/03\/Hiri_coyhaique-4-scaled.jpg","type":"image\/jpeg"}],"twitter_card":"summary_large_image","twitter_misc":{"Tiempo de lectura":"1 minuto"},"schema":{"@context":"https:\/\/schema.org","@graph":[{"@type":"WebPage","@id":"https:\/\/ingenieria.udd.cl\/enviro\/proyectos\/","url":"https:\/\/ingenieria.udd.cl\/enviro\/proyectos\/","name":"HIRI - ENVIROHEALTH DATA OBSERVATORY","isPartOf":{"@id":"https:\/\/ingenieria.udd.cl\/enviro\/#website"},"primaryImageOfPage":{"@id":"https:\/\/ingenieria.udd.cl\/enviro\/proyectos\/#primaryimage"},"image":{"@id":"https:\/\/ingenieria.udd.cl\/enviro\/proyectos\/#primaryimage"},"thumbnailUrl":"https:\/\/ingenieria.udd.cl\/enviro\/files\/2021\/03\/Hiri_coyhaique-4-scaled.jpg","datePublished":"2021-03-24T20:42:02+00:00","dateModified":"2021-06-23T21:55:11+00:00","breadcrumb":{"@id":"https:\/\/ingenieria.udd.cl\/enviro\/proyectos\/#breadcrumb"},"inLanguage":"es","potentialAction":[{"@type":"ReadAction","target":["https:\/\/ingenieria.udd.cl\/enviro\/proyectos\/"]}]},{"@type":"ImageObject","inLanguage":"es","@id":"https:\/\/ingenieria.udd.cl\/enviro\/proyectos\/#primaryimage","url":"https:\/\/ingenieria.udd.cl\/enviro\/files\/2021\/03\/Hiri_coyhaique-4-scaled.jpg","contentUrl":"https:\/\/ingenieria.udd.cl\/enviro\/files\/2021\/03\/Hiri_coyhaique-4-scaled.jpg","width":2560,"height":1920},{"@type":"BreadcrumbList","@id":"https:\/\/ingenieria.udd.cl\/enviro\/proyectos\/#breadcrumb","itemListElement":[{"@type":"ListItem","position":1,"name":"Portada","item":"https:\/\/ingenieria.udd.cl\/enviro\/"},{"@type":"ListItem","position":2,"name":"HIRI"}]},{"@type":"WebSite","@id":"https:\/\/ingenieria.udd.cl\/enviro\/#website","url":"https:\/\/ingenieria.udd.cl\/enviro\/","name":"ENVIROHEALTH DATA OBSERVATORY","description":"www.enviro.udd.cl","inLanguage":"es"}]}},"_links":{"self":[{"href":"https:\/\/ingenieria.udd.cl\/enviro\/wp-json\/wp\/v2\/pages\/71","targetHints":{"allow":["GET"]}}],"collection":[{"href":"https:\/\/ingenieria.udd.cl\/enviro\/wp-json\/wp\/v2\/pages"}],"about":[{"href":"https:\/\/ingenieria.udd.cl\/enviro\/wp-json\/wp\/v2\/types\/page"}],"author":[{"embeddable":true,"href":"https:\/\/ingenieria.udd.cl\/enviro\/wp-json\/wp\/v2\/users\/9192224"}],"replies":[{"embeddable":true,"href":"https:\/\/ingenieria.udd.cl\/enviro\/wp-json\/wp\/v2\/comments?post=71"}],"version-history":[{"count":17,"href":"https:\/\/ingenieria.udd.cl\/enviro\/wp-json\/wp\/v2\/pages\/71\/revisions"}],"predecessor-version":[{"id":948,"href":"https:\/\/ingenieria.udd.cl\/enviro\/wp-json\/wp\/v2\/pages\/71\/revisions\/948"}],"wp:featuredmedia":[{"embeddable":true,"href":"https:\/\/ingenieria.udd.cl\/enviro\/wp-json\/wp\/v2\/media\/30"}],"wp:attachment":[{"href":"https:\/\/ingenieria.udd.cl\/enviro\/wp-json\/wp\/v2\/media?parent=71"}],"curies":[{"name":"wp","href":"https:\/\/api.w.org\/{rel}","templated":true}]}}