{"id":607,"date":"2020-03-26T16:42:51","date_gmt":"2020-03-26T16:42:51","guid":{"rendered":"https:\/\/ii.udd.cl\/?page_id=607"},"modified":"2020-03-26T16:42:51","modified_gmt":"2020-03-26T16:42:51","slug":"escaneo-tridimensional-de-la-exposicion-a-la-contaminacion-del-aire","status":"publish","type":"page","link":"https:\/\/ingenieria.udd.cl\/ii\/escaneo-tridimensional-de-la-exposicion-a-la-contaminacion-del-aire\/","title":{"rendered":"Escaneo tridimensional de la exposici\u00f3n a la contaminaci\u00f3n del aire"},"content":{"rendered":"<section\n\tclass=\"wp-block-udd-text-row\"\n\t\t>\n\t<div class=\"text-row\">\n\t\t<div class=\"text-row__content\">\n\t\t\t<div class=\"text-row__content-inner text\">\n\t\t\t\t\t\t\t\t\n<p> Los efectos adversos de la exposici\u00f3n a la contaminaci\u00f3n del aire son un desaf\u00edo y preocupaci\u00f3n global. La OMS estima 7 millones anuales muertes relacionadas con la exposici\u00f3n a la contaminaci\u00f3n del aire y el monitoreo de la calidad del aire es fundamental para comprender las fuentes de emisi\u00f3n y la distribuci\u00f3n de contaminaci\u00f3n. El monitoreo actual de la calidad del aire se basa en estaciones de monitoreo de sitio fijo  central y se centran en la caracterizaci\u00f3n general de la contaminaci\u00f3n, pero no representan adecuadamente la distribuci\u00f3n espacio-temporal de los patrones de exposici\u00f3n de los individuos. Tambi\u00e9n su instrumentaci\u00f3n es costosa y requiere recursos y tiempo para su mantenimiento y calibraci\u00f3n. <\/p>\n\n<p>Este proyecto a trav\u00e9s de un sensores port\u00e1tiles y f\u00e1cil de usar, busca  dise\u00f1ar  una herramienta capaz de visualizar la exposici\u00f3n a la contaminaci\u00f3n del aire desde una din\u00e1mica estrategia de monitoreo, con el fin de estandarizar una estrategia de monitoreo din\u00e1mico para la cuantificaci\u00f3n con mayor granularidad espacial de contaminantes ambientales. <\/p>\n\t\t\t<\/div>\n\t\t<\/div>\n\t\t<div class=\"text-row__media\">\n\t\t\t<img loading=\"lazy\" decoding=\"async\" width=\"441\" height=\"320\" src=\"https:\/\/ingenieria.udd.cl\/ii\/files\/2020\/03\/aire2-e1585329015206.png\" class=\"text-row__media-image lazyload\" alt=\"\" sizes=\"auto, (max-width: 441px) 100vw, 441px\" data-src=\"https:\/\/ingenieria.udd.cl\/ii\/files\/2020\/03\/aire2-e1585329015206.png\" data-srcset=\"https:\/\/ingenieria.udd.cl\/ii\/files\/2020\/03\/aire2-e1585329015206.png 441w, https:\/\/ingenieria.udd.cl\/ii\/files\/2020\/03\/aire2-e1585329015206-300x218.png 300w, https:\/\/ingenieria.udd.cl\/ii\/files\/2020\/03\/aire2-e1585329015206-87x62.png 87w\" \/>\t\t<\/div>\n\t<\/div>\n<\/section>\n\n\n\n<figure class=\"wp-block-gallery columns-2 is-cropped wp-block-gallery-1 is-layout-flex wp-block-gallery-is-layout-flex\"><ul class=\"blocks-gallery-grid\"><li class=\"blocks-gallery-item\"><figure><img loading=\"lazy\" decoding=\"async\" width=\"708\" height=\"383\" src=\"https:\/\/ingenieria.udd.cl\/ii\/files\/2020\/03\/aire3.png\" alt=\"\" data-id=\"610\" data-full-url=\"https:\/\/ingenieria.udd.cl\/ii\/files\/2020\/03\/aire3.png\" data-link=\"https:\/\/ii.udd.cl\/?attachment_id=610\" class=\"wp-image-610\" srcset=\"https:\/\/ingenieria.udd.cl\/ii\/files\/2020\/03\/aire3.png 708w, https:\/\/ingenieria.udd.cl\/ii\/files\/2020\/03\/aire3-300x162.png 300w\" sizes=\"auto, (max-width: 708px) 100vw, 708px\" \/><\/figure><\/li><li class=\"blocks-gallery-item\"><figure><img loading=\"lazy\" decoding=\"async\" width=\"936\" height=\"801\" src=\"https:\/\/ingenieria.udd.cl\/ii\/files\/2020\/03\/hiri-2-1.jpg\" alt=\"\" data-id=\"125\" data-full-url=\"https:\/\/ingenieria.udd.cl\/ii\/files\/2020\/03\/hiri-2-1.jpg\" data-link=\"https:\/\/ii.udd.cl\/laboratorios-de-investigacion\/hiri-2-2\/\" class=\"wp-image-125\" srcset=\"https:\/\/ingenieria.udd.cl\/ii\/files\/2020\/03\/hiri-2-1.jpg 936w, https:\/\/ingenieria.udd.cl\/ii\/files\/2020\/03\/hiri-2-1-300x257.jpg 300w, https:\/\/ingenieria.udd.cl\/ii\/files\/2020\/03\/hiri-2-1-768x657.jpg 768w\" sizes=\"auto, (max-width: 936px) 100vw, 936px\" \/><\/figure><\/li><li class=\"blocks-gallery-item\"><figure><img loading=\"lazy\" decoding=\"async\" width=\"869\" height=\"595\" src=\"https:\/\/ingenieria.udd.cl\/ii\/files\/2020\/03\/aire1.png\" alt=\"\" data-id=\"609\" data-full-url=\"https:\/\/ingenieria.udd.cl\/ii\/files\/2020\/03\/aire1.png\" data-link=\"https:\/\/ii.udd.cl\/?attachment_id=609\" class=\"wp-image-609\" srcset=\"https:\/\/ingenieria.udd.cl\/ii\/files\/2020\/03\/aire1.png 869w, https:\/\/ingenieria.udd.cl\/ii\/files\/2020\/03\/aire1-300x205.png 300w, https:\/\/ingenieria.udd.cl\/ii\/files\/2020\/03\/aire1-768x526.png 768w\" sizes=\"auto, (max-width: 869px) 100vw, 869px\" \/><\/figure><\/li><\/ul><\/figure>\n","protected":false},"excerpt":{"rendered":"","protected":false},"author":9192225,"featured_media":0,"parent":0,"menu_order":0,"comment_status":"closed","ping_status":"closed","template":"","meta":{"footnotes":""},"class_list":["post-607","page","type-page","status-publish","hentry"],"yoast_head":"<!-- This site is optimized with the Yoast SEO plugin v26.9 - https:\/\/yoast.com\/product\/yoast-seo-wordpress\/ -->\n<title>Escaneo tridimensional de la exposici\u00f3n a la contaminaci\u00f3n del aire - Innovaci\u00f3n Ingenier\u00eda<\/title>\n<meta name=\"robots\" content=\"index, follow, max-snippet:-1, max-image-preview:large, max-video-preview:-1\" \/>\n<link rel=\"canonical\" href=\"https:\/\/ingenieria.udd.cl\/ii\/escaneo-tridimensional-de-la-exposicion-a-la-contaminacion-del-aire\/\" \/>\n<meta property=\"og:locale\" content=\"es_ES\" \/>\n<meta property=\"og:type\" content=\"article\" \/>\n<meta property=\"og:title\" content=\"Escaneo tridimensional de la exposici\u00f3n a la contaminaci\u00f3n del aire - Innovaci\u00f3n Ingenier\u00eda\" \/>\n<meta property=\"og:url\" content=\"https:\/\/ingenieria.udd.cl\/ii\/escaneo-tridimensional-de-la-exposicion-a-la-contaminacion-del-aire\/\" \/>\n<meta property=\"og:site_name\" content=\"Innovaci\u00f3n Ingenier\u00eda\" \/>\n<meta property=\"og:image\" content=\"https:\/\/ingenieria.udd.cl\/ii\/files\/2020\/03\/aire2-e1585329015206.png\" \/>\n<meta name=\"twitter:card\" content=\"summary_large_image\" \/>\n<meta name=\"twitter:label1\" content=\"Tiempo de lectura\" \/>\n\t<meta name=\"twitter:data1\" content=\"1 minuto\" \/>\n<script type=\"application\/ld+json\" class=\"yoast-schema-graph\">{\"@context\":\"https:\/\/schema.org\",\"@graph\":[{\"@type\":\"WebPage\",\"@id\":\"https:\/\/ingenieria.udd.cl\/ii\/escaneo-tridimensional-de-la-exposicion-a-la-contaminacion-del-aire\/\",\"url\":\"https:\/\/ingenieria.udd.cl\/ii\/escaneo-tridimensional-de-la-exposicion-a-la-contaminacion-del-aire\/\",\"name\":\"Escaneo tridimensional de la exposici\u00f3n a la contaminaci\u00f3n del aire - Innovaci\u00f3n Ingenier\u00eda\",\"isPartOf\":{\"@id\":\"https:\/\/ingenieria.udd.cl\/ii\/#website\"},\"primaryImageOfPage\":{\"@id\":\"https:\/\/ingenieria.udd.cl\/ii\/escaneo-tridimensional-de-la-exposicion-a-la-contaminacion-del-aire\/#primaryimage\"},\"image\":{\"@id\":\"https:\/\/ingenieria.udd.cl\/ii\/escaneo-tridimensional-de-la-exposicion-a-la-contaminacion-del-aire\/#primaryimage\"},\"thumbnailUrl\":\"https:\/\/ingenieria.udd.cl\/ii\/files\/2020\/03\/aire2-e1585329015206.png\",\"datePublished\":\"2020-03-26T16:42:51+00:00\",\"breadcrumb\":{\"@id\":\"https:\/\/ingenieria.udd.cl\/ii\/escaneo-tridimensional-de-la-exposicion-a-la-contaminacion-del-aire\/#breadcrumb\"},\"inLanguage\":\"es\",\"potentialAction\":[{\"@type\":\"ReadAction\",\"target\":[\"https:\/\/ingenieria.udd.cl\/ii\/escaneo-tridimensional-de-la-exposicion-a-la-contaminacion-del-aire\/\"]}]},{\"@type\":\"ImageObject\",\"inLanguage\":\"es\",\"@id\":\"https:\/\/ingenieria.udd.cl\/ii\/escaneo-tridimensional-de-la-exposicion-a-la-contaminacion-del-aire\/#primaryimage\",\"url\":\"https:\/\/ingenieria.udd.cl\/ii\/files\/2020\/03\/aire2-e1585329015206.png\",\"contentUrl\":\"https:\/\/ingenieria.udd.cl\/ii\/files\/2020\/03\/aire2-e1585329015206.png\",\"width\":441,\"height\":320},{\"@type\":\"BreadcrumbList\",\"@id\":\"https:\/\/ingenieria.udd.cl\/ii\/escaneo-tridimensional-de-la-exposicion-a-la-contaminacion-del-aire\/#breadcrumb\",\"itemListElement\":[{\"@type\":\"ListItem\",\"position\":1,\"name\":\"Portada\",\"item\":\"https:\/\/ingenieria.udd.cl\/ii\/\"},{\"@type\":\"ListItem\",\"position\":2,\"name\":\"Escaneo tridimensional de la exposici\u00f3n a la contaminaci\u00f3n del aire\"}]},{\"@type\":\"WebSite\",\"@id\":\"https:\/\/ingenieria.udd.cl\/ii\/#website\",\"url\":\"https:\/\/ingenieria.udd.cl\/ii\/\",\"name\":\"Innovaci\u00f3n Ingenier\u00eda\",\"description\":\"Otro sitio m\u00e1s de Ingenieria\",\"inLanguage\":\"es\"}]}<\/script>\n<!-- \/ Yoast SEO plugin. -->","yoast_head_json":{"title":"Escaneo tridimensional de la exposici\u00f3n a la contaminaci\u00f3n del aire - Innovaci\u00f3n Ingenier\u00eda","robots":{"index":"index","follow":"follow","max-snippet":"max-snippet:-1","max-image-preview":"max-image-preview:large","max-video-preview":"max-video-preview:-1"},"canonical":"https:\/\/ingenieria.udd.cl\/ii\/escaneo-tridimensional-de-la-exposicion-a-la-contaminacion-del-aire\/","og_locale":"es_ES","og_type":"article","og_title":"Escaneo tridimensional de la exposici\u00f3n a la contaminaci\u00f3n del aire - Innovaci\u00f3n Ingenier\u00eda","og_url":"https:\/\/ingenieria.udd.cl\/ii\/escaneo-tridimensional-de-la-exposicion-a-la-contaminacion-del-aire\/","og_site_name":"Innovaci\u00f3n Ingenier\u00eda","og_image":[{"url":"https:\/\/ingenieria.udd.cl\/ii\/files\/2020\/03\/aire2-e1585329015206.png","type":"","width":"","height":""}],"twitter_card":"summary_large_image","twitter_misc":{"Tiempo de lectura":"1 minuto"},"schema":{"@context":"https:\/\/schema.org","@graph":[{"@type":"WebPage","@id":"https:\/\/ingenieria.udd.cl\/ii\/escaneo-tridimensional-de-la-exposicion-a-la-contaminacion-del-aire\/","url":"https:\/\/ingenieria.udd.cl\/ii\/escaneo-tridimensional-de-la-exposicion-a-la-contaminacion-del-aire\/","name":"Escaneo tridimensional de la exposici\u00f3n a la contaminaci\u00f3n del aire - Innovaci\u00f3n Ingenier\u00eda","isPartOf":{"@id":"https:\/\/ingenieria.udd.cl\/ii\/#website"},"primaryImageOfPage":{"@id":"https:\/\/ingenieria.udd.cl\/ii\/escaneo-tridimensional-de-la-exposicion-a-la-contaminacion-del-aire\/#primaryimage"},"image":{"@id":"https:\/\/ingenieria.udd.cl\/ii\/escaneo-tridimensional-de-la-exposicion-a-la-contaminacion-del-aire\/#primaryimage"},"thumbnailUrl":"https:\/\/ingenieria.udd.cl\/ii\/files\/2020\/03\/aire2-e1585329015206.png","datePublished":"2020-03-26T16:42:51+00:00","breadcrumb":{"@id":"https:\/\/ingenieria.udd.cl\/ii\/escaneo-tridimensional-de-la-exposicion-a-la-contaminacion-del-aire\/#breadcrumb"},"inLanguage":"es","potentialAction":[{"@type":"ReadAction","target":["https:\/\/ingenieria.udd.cl\/ii\/escaneo-tridimensional-de-la-exposicion-a-la-contaminacion-del-aire\/"]}]},{"@type":"ImageObject","inLanguage":"es","@id":"https:\/\/ingenieria.udd.cl\/ii\/escaneo-tridimensional-de-la-exposicion-a-la-contaminacion-del-aire\/#primaryimage","url":"https:\/\/ingenieria.udd.cl\/ii\/files\/2020\/03\/aire2-e1585329015206.png","contentUrl":"https:\/\/ingenieria.udd.cl\/ii\/files\/2020\/03\/aire2-e1585329015206.png","width":441,"height":320},{"@type":"BreadcrumbList","@id":"https:\/\/ingenieria.udd.cl\/ii\/escaneo-tridimensional-de-la-exposicion-a-la-contaminacion-del-aire\/#breadcrumb","itemListElement":[{"@type":"ListItem","position":1,"name":"Portada","item":"https:\/\/ingenieria.udd.cl\/ii\/"},{"@type":"ListItem","position":2,"name":"Escaneo tridimensional de la exposici\u00f3n a la contaminaci\u00f3n del aire"}]},{"@type":"WebSite","@id":"https:\/\/ingenieria.udd.cl\/ii\/#website","url":"https:\/\/ingenieria.udd.cl\/ii\/","name":"Innovaci\u00f3n Ingenier\u00eda","description":"Otro sitio m\u00e1s de Ingenieria","inLanguage":"es"}]}},"_links":{"self":[{"href":"https:\/\/ingenieria.udd.cl\/ii\/wp-json\/wp\/v2\/pages\/607","targetHints":{"allow":["GET"]}}],"collection":[{"href":"https:\/\/ingenieria.udd.cl\/ii\/wp-json\/wp\/v2\/pages"}],"about":[{"href":"https:\/\/ingenieria.udd.cl\/ii\/wp-json\/wp\/v2\/types\/page"}],"author":[{"embeddable":true,"href":"https:\/\/ingenieria.udd.cl\/ii\/wp-json\/wp\/v2\/users\/9192225"}],"replies":[{"embeddable":true,"href":"https:\/\/ingenieria.udd.cl\/ii\/wp-json\/wp\/v2\/comments?post=607"}],"version-history":[{"count":0,"href":"https:\/\/ingenieria.udd.cl\/ii\/wp-json\/wp\/v2\/pages\/607\/revisions"}],"wp:attachment":[{"href":"https:\/\/ingenieria.udd.cl\/ii\/wp-json\/wp\/v2\/media?parent=607"}],"curies":[{"name":"wp","href":"https:\/\/api.w.org\/{rel}","templated":true}]}}

Escaneo tridimensional de la exposición a la contaminación del aire

<section
	class="wp-block-udd-text-row"
		>
	<div class="text-row">
		<div class="text-row__content">
			<div class="text-row__content-inner text">
								
<p> Los efectos adversos de la exposición a la contaminación del aire son un desafío y preocupación global. La OMS estima 7 millones anuales muertes relacionadas con la exposición a la contaminación del aire y el monitoreo de la calidad del aire es fundamental para comprender las fuentes de emisión y la distribución de contaminación. El monitoreo actual de la calidad del aire se basa en estaciones de monitoreo de sitio fijo  central y se centran en la caracterización general de la contaminación, pero no representan adecuadamente la distribución espacio-temporal de los patrones de exposición de los individuos. También su instrumentación es costosa y requiere recursos y tiempo para su mantenimiento y calibración. </p>

<p>Este proyecto a través de un sensores portátiles y fácil de usar, busca  diseñar  una herramienta capaz de visualizar la exposición a la contaminación del aire desde una dinámica estrategia de monitoreo, con el fin de estandarizar una estrategia de monitoreo dinámico para la cuantificación con mayor granularidad espacial de contaminantes ambientales. </p>
			</div>
		</div>
		<div class="text-row__media">
			<img loading="lazy" decoding="async" width="441" height="320" src="https://ingenieria.udd.cl/ii/files/2020/03/aire2-e1585329015206.png" class="text-row__media-image lazyload" alt="" sizes="auto, (max-width: 441px) 100vw, 441px" data-src="https://ingenieria.udd.cl/ii/files/2020/03/aire2-e1585329015206.png" data-srcset="https://ingenieria.udd.cl/ii/files/2020/03/aire2-e1585329015206.png 441w, https://ingenieria.udd.cl/ii/files/2020/03/aire2-e1585329015206-300x218.png 300w, https://ingenieria.udd.cl/ii/files/2020/03/aire2-e1585329015206-87x62.png 87w" />		</div>
	</div>
</section>



<figure class="wp-block-gallery columns-2 is-cropped wp-block-gallery-1 is-layout-flex wp-block-gallery-is-layout-flex"><ul class="blocks-gallery-grid"><li class="blocks-gallery-item"><figure><img loading="lazy" decoding="async" width="708" height="383" src="https://ingenieria.udd.cl/ii/files/2020/03/aire3.png" alt="" data-id="610" data-full-url="https://ingenieria.udd.cl/ii/files/2020/03/aire3.png" data-link="https://ii.udd.cl/?attachment_id=610" class="wp-image-610" srcset="https://ingenieria.udd.cl/ii/files/2020/03/aire3.png 708w, https://ingenieria.udd.cl/ii/files/2020/03/aire3-300x162.png 300w" sizes="auto, (max-width: 708px) 100vw, 708px" /></figure></li><li class="blocks-gallery-item"><figure><img loading="lazy" decoding="async" width="936" height="801" src="https://ingenieria.udd.cl/ii/files/2020/03/hiri-2-1.jpg" alt="" data-id="125" data-full-url="https://ingenieria.udd.cl/ii/files/2020/03/hiri-2-1.jpg" data-link="https://ii.udd.cl/laboratorios-de-investigacion/hiri-2-2/" class="wp-image-125" srcset="https://ingenieria.udd.cl/ii/files/2020/03/hiri-2-1.jpg 936w, https://ingenieria.udd.cl/ii/files/2020/03/hiri-2-1-300x257.jpg 300w, https://ingenieria.udd.cl/ii/files/2020/03/hiri-2-1-768x657.jpg 768w" sizes="auto, (max-width: 936px) 100vw, 936px" /></figure></li><li class="blocks-gallery-item"><figure><img loading="lazy" decoding="async" width="869" height="595" src="https://ingenieria.udd.cl/ii/files/2020/03/aire1.png" alt="" data-id="609" data-full-url="https://ingenieria.udd.cl/ii/files/2020/03/aire1.png" data-link="https://ii.udd.cl/?attachment_id=609" class="wp-image-609" srcset="https://ingenieria.udd.cl/ii/files/2020/03/aire1.png 869w, https://ingenieria.udd.cl/ii/files/2020/03/aire1-300x205.png 300w, https://ingenieria.udd.cl/ii/files/2020/03/aire1-768x526.png 768w" sizes="auto, (max-width: 869px) 100vw, 869px" /></figure></li></ul></figure>

<!-- This site is optimized with the Yoast SEO plugin v26.9 - https://yoast.com/product/yoast-seo-wordpress/ -->
<title>Escaneo tridimensional de la exposición a la contaminación del aire - Innovación Ingeniería</title>
<meta name="robots" content="index, follow, max-snippet:-1, max-image-preview:large, max-video-preview:-1" />
<link rel="canonical" href="https://ingenieria.udd.cl/ii/escaneo-tridimensional-de-la-exposicion-a-la-contaminacion-del-aire/" />
<meta property="og:locale" content="es_ES" />
<meta property="og:type" content="article" />
<meta property="og:title" content="Escaneo tridimensional de la exposición a la contaminación del aire - Innovación Ingeniería" />
<meta property="og:url" content="https://ingenieria.udd.cl/ii/escaneo-tridimensional-de-la-exposicion-a-la-contaminacion-del-aire/" />
<meta property="og:site_name" content="Innovación Ingeniería" />
<meta property="og:image" content="https://ingenieria.udd.cl/ii/files/2020/03/aire2-e1585329015206.png" />
<meta name="twitter:card" content="summary_large_image" />
<meta name="twitter:label1" content="Tiempo de lectura" />
	<meta name="twitter:data1" content="1 minuto" />
<script type="application/ld+json" class="yoast-schema-graph">{"@context":"https://schema.org","@graph":[{"@type":"WebPage","@id":"https://ingenieria.udd.cl/ii/escaneo-tridimensional-de-la-exposicion-a-la-contaminacion-del-aire/","url":"https://ingenieria.udd.cl/ii/escaneo-tridimensional-de-la-exposicion-a-la-contaminacion-del-aire/","name":"Escaneo tridimensional de la exposición a la contaminación del aire - Innovación Ingeniería","isPartOf":{"@id":"https://ingenieria.udd.cl/ii/#website"},"primaryImageOfPage":{"@id":"https://ingenieria.udd.cl/ii/escaneo-tridimensional-de-la-exposicion-a-la-contaminacion-del-aire/#primaryimage"},"image":{"@id":"https://ingenieria.udd.cl/ii/escaneo-tridimensional-de-la-exposicion-a-la-contaminacion-del-aire/#primaryimage"},"thumbnailUrl":"https://ingenieria.udd.cl/ii/files/2020/03/aire2-e1585329015206.png","datePublished":"2020-03-26T16:42:51+00:00","breadcrumb":{"@id":"https://ingenieria.udd.cl/ii/escaneo-tridimensional-de-la-exposicion-a-la-contaminacion-del-aire/#breadcrumb"},"inLanguage":"es","potentialAction":[{"@type":"ReadAction","target":["https://ingenieria.udd.cl/ii/escaneo-tridimensional-de-la-exposicion-a-la-contaminacion-del-aire/"]}]},{"@type":"ImageObject","inLanguage":"es","@id":"https://ingenieria.udd.cl/ii/escaneo-tridimensional-de-la-exposicion-a-la-contaminacion-del-aire/#primaryimage","url":"https://ingenieria.udd.cl/ii/files/2020/03/aire2-e1585329015206.png","contentUrl":"https://ingenieria.udd.cl/ii/files/2020/03/aire2-e1585329015206.png","width":441,"height":320},{"@type":"BreadcrumbList","@id":"https://ingenieria.udd.cl/ii/escaneo-tridimensional-de-la-exposicion-a-la-contaminacion-del-aire/#breadcrumb","itemListElement":[{"@type":"ListItem","position":1,"name":"Portada","item":"https://ingenieria.udd.cl/ii/"},{"@type":"ListItem","position":2,"name":"Escaneo tridimensional de la exposición a la contaminación del aire"}]},{"@type":"WebSite","@id":"https://ingenieria.udd.cl/ii/#website","url":"https://ingenieria.udd.cl/ii/","name":"Innovación Ingeniería","description":"Otro sitio más de Ingenieria","inLanguage":"es"}]}</script>
<!-- / Yoast SEO plugin. -->

Escaneo tridimensional de la exposición a la contaminación del aire - Innovación Ingeniería

Innovación Ingeniería

Otro sitio más de Ingenieria
