{"id":713,"date":"2020-04-04T01:04:04","date_gmt":"2020-04-04T01:04:04","guid":{"rendered":"https:\/\/ii.udd.cl\/?page_id=713"},"modified":"2020-09-23T17:02:03","modified_gmt":"2020-09-23T15:02:03","slug":"ventilador-mecanico-modular","status":"publish","type":"page","link":"https:\/\/ingenieria.udd.cl\/ii\/covid\/ventilador-mecanico-modular\/","title":{"rendered":"VENTILADOR MEC\u00c1NICO MODULAR"},"content":{"rendered":"\n<p>En conjunto con la Facultad de Ingenier\u00eda de la Universidad de Talca y la empresa chilena TresDP, se est\u00e1 trabajando en el desarrollo&nbsp; de un Ventilador Mec\u00e1nico Modular.&nbsp; Se trata del&nbsp; dise\u00f1o de un sistema resiliente ante la escasez o indisponibilidad de componentes a nivel local. El dise\u00f1o, que se puede identificar como un sistema tipo lego, contempla tres m\u00f3dulos centrales, y cuatro m\u00f3dulos complementarios que permiten una adaptaci\u00f3n a nuevos contextos, adem\u00e1s de la posibilidad de complejizar el instrumental, o incluso adaptar mejores soluciones futuras al sistema, sin necesidad de cambiarlo completamente.&nbsp;<\/p>\n\n\n\n<p>Asimismo, se trabajan diversos mecanismos de bombeo para cubrir diversas consideraciones m\u00e9dicas, con el fin de estar preparado ante una escasez de elementos indispensables para los modelos m\u00e1s convencionales de bombeo.<br><\/p>\n","protected":false},"excerpt":{"rendered":"<p>En conjunto con la Facultad de Ingenier\u00eda de la Universidad de Talca y la empresa chilena TresDP, se est\u00e1 trabajando en el desarrollo&nbsp; de un Ventilador Mec\u00e1nico Modular.&nbsp; Se trata del&nbsp; dise\u00f1o de un sistema resiliente ante la escasez o indisponibilidad de componentes a nivel local. El dise\u00f1o, que se puede identificar como un sistema [&hellip;]<\/p>\n","protected":false},"author":9192225,"featured_media":0,"parent":677,"menu_order":0,"comment_status":"closed","ping_status":"closed","template":"","meta":{"footnotes":""},"class_list":["post-713","page","type-page","status-publish","hentry"],"yoast_head":"<!-- This site is optimized with the Yoast SEO plugin v26.9 - https:\/\/yoast.com\/product\/yoast-seo-wordpress\/ -->\n<title>VENTILADOR MEC\u00c1NICO MODULAR - Innovaci\u00f3n Ingenier\u00eda<\/title>\n<meta name=\"robots\" content=\"index, follow, max-snippet:-1, max-image-preview:large, max-video-preview:-1\" \/>\n<link rel=\"canonical\" href=\"https:\/\/ingenieria.udd.cl\/ii\/covid\/ventilador-mecanico-modular\/\" \/>\n<meta property=\"og:locale\" content=\"es_ES\" \/>\n<meta property=\"og:type\" content=\"article\" \/>\n<meta property=\"og:title\" content=\"VENTILADOR MEC\u00c1NICO MODULAR - Innovaci\u00f3n Ingenier\u00eda\" \/>\n<meta property=\"og:description\" content=\"En conjunto con la Facultad de Ingenier\u00eda de la Universidad de Talca y la empresa chilena TresDP, se est\u00e1 trabajando en el desarrollo&nbsp; de un Ventilador Mec\u00e1nico Modular.&nbsp; Se trata del&nbsp; dise\u00f1o de un sistema resiliente ante la escasez o indisponibilidad de componentes a nivel local. El dise\u00f1o, que se puede identificar como un sistema [&hellip;]\" \/>\n<meta property=\"og:url\" content=\"https:\/\/ingenieria.udd.cl\/ii\/covid\/ventilador-mecanico-modular\/\" \/>\n<meta property=\"og:site_name\" content=\"Innovaci\u00f3n Ingenier\u00eda\" \/>\n<meta property=\"article:modified_time\" content=\"2020-09-23T15:02:03+00:00\" \/>\n<meta name=\"twitter:card\" content=\"summary_large_image\" \/>\n<meta name=\"twitter:label1\" content=\"Tiempo de lectura\" \/>\n\t<meta name=\"twitter:data1\" content=\"1 minuto\" \/>\n<script type=\"application\/ld+json\" class=\"yoast-schema-graph\">{\"@context\":\"https:\/\/schema.org\",\"@graph\":[{\"@type\":\"WebPage\",\"@id\":\"https:\/\/ingenieria.udd.cl\/ii\/covid\/ventilador-mecanico-modular\/\",\"url\":\"https:\/\/ingenieria.udd.cl\/ii\/covid\/ventilador-mecanico-modular\/\",\"name\":\"VENTILADOR MEC\u00c1NICO MODULAR - Innovaci\u00f3n Ingenier\u00eda\",\"isPartOf\":{\"@id\":\"https:\/\/ingenieria.udd.cl\/ii\/#website\"},\"datePublished\":\"2020-04-04T01:04:04+00:00\",\"dateModified\":\"2020-09-23T15:02:03+00:00\",\"breadcrumb\":{\"@id\":\"https:\/\/ingenieria.udd.cl\/ii\/covid\/ventilador-mecanico-modular\/#breadcrumb\"},\"inLanguage\":\"es\",\"potentialAction\":[{\"@type\":\"ReadAction\",\"target\":[\"https:\/\/ingenieria.udd.cl\/ii\/covid\/ventilador-mecanico-modular\/\"]}]},{\"@type\":\"BreadcrumbList\",\"@id\":\"https:\/\/ingenieria.udd.cl\/ii\/covid\/ventilador-mecanico-modular\/#breadcrumb\",\"itemListElement\":[{\"@type\":\"ListItem\",\"position\":1,\"name\":\"Portada\",\"item\":\"https:\/\/ingenieria.udd.cl\/ii\/\"},{\"@type\":\"ListItem\",\"position\":2,\"name\":\"La Direcci\u00f3n de Innovaci\u00f3n frente al COVID-19\",\"item\":\"https:\/\/ingenieria.udd.cl\/ii\/covid\/\"},{\"@type\":\"ListItem\",\"position\":3,\"name\":\"VENTILADOR MEC\u00c1NICO MODULAR\"}]},{\"@type\":\"WebSite\",\"@id\":\"https:\/\/ingenieria.udd.cl\/ii\/#website\",\"url\":\"https:\/\/ingenieria.udd.cl\/ii\/\",\"name\":\"Innovaci\u00f3n Ingenier\u00eda\",\"description\":\"Otro sitio m\u00e1s de Ingenieria\",\"inLanguage\":\"es\"}]}<\/script>\n<!-- \/ Yoast SEO plugin. -->","yoast_head_json":{"title":"VENTILADOR MEC\u00c1NICO MODULAR - Innovaci\u00f3n Ingenier\u00eda","robots":{"index":"index","follow":"follow","max-snippet":"max-snippet:-1","max-image-preview":"max-image-preview:large","max-video-preview":"max-video-preview:-1"},"canonical":"https:\/\/ingenieria.udd.cl\/ii\/covid\/ventilador-mecanico-modular\/","og_locale":"es_ES","og_type":"article","og_title":"VENTILADOR MEC\u00c1NICO MODULAR - Innovaci\u00f3n Ingenier\u00eda","og_description":"En conjunto con la Facultad de Ingenier\u00eda de la Universidad de Talca y la empresa chilena TresDP, se est\u00e1 trabajando en el desarrollo&nbsp; de un Ventilador Mec\u00e1nico Modular.&nbsp; Se trata del&nbsp; dise\u00f1o de un sistema resiliente ante la escasez o indisponibilidad de componentes a nivel local. El dise\u00f1o, que se puede identificar como un sistema [&hellip;]","og_url":"https:\/\/ingenieria.udd.cl\/ii\/covid\/ventilador-mecanico-modular\/","og_site_name":"Innovaci\u00f3n Ingenier\u00eda","article_modified_time":"2020-09-23T15:02:03+00:00","twitter_card":"summary_large_image","twitter_misc":{"Tiempo de lectura":"1 minuto"},"schema":{"@context":"https:\/\/schema.org","@graph":[{"@type":"WebPage","@id":"https:\/\/ingenieria.udd.cl\/ii\/covid\/ventilador-mecanico-modular\/","url":"https:\/\/ingenieria.udd.cl\/ii\/covid\/ventilador-mecanico-modular\/","name":"VENTILADOR MEC\u00c1NICO MODULAR - Innovaci\u00f3n Ingenier\u00eda","isPartOf":{"@id":"https:\/\/ingenieria.udd.cl\/ii\/#website"},"datePublished":"2020-04-04T01:04:04+00:00","dateModified":"2020-09-23T15:02:03+00:00","breadcrumb":{"@id":"https:\/\/ingenieria.udd.cl\/ii\/covid\/ventilador-mecanico-modular\/#breadcrumb"},"inLanguage":"es","potentialAction":[{"@type":"ReadAction","target":["https:\/\/ingenieria.udd.cl\/ii\/covid\/ventilador-mecanico-modular\/"]}]},{"@type":"BreadcrumbList","@id":"https:\/\/ingenieria.udd.cl\/ii\/covid\/ventilador-mecanico-modular\/#breadcrumb","itemListElement":[{"@type":"ListItem","position":1,"name":"Portada","item":"https:\/\/ingenieria.udd.cl\/ii\/"},{"@type":"ListItem","position":2,"name":"La Direcci\u00f3n de Innovaci\u00f3n frente al COVID-19","item":"https:\/\/ingenieria.udd.cl\/ii\/covid\/"},{"@type":"ListItem","position":3,"name":"VENTILADOR MEC\u00c1NICO MODULAR"}]},{"@type":"WebSite","@id":"https:\/\/ingenieria.udd.cl\/ii\/#website","url":"https:\/\/ingenieria.udd.cl\/ii\/","name":"Innovaci\u00f3n Ingenier\u00eda","description":"Otro sitio m\u00e1s de Ingenieria","inLanguage":"es"}]}},"_links":{"self":[{"href":"https:\/\/ingenieria.udd.cl\/ii\/wp-json\/wp\/v2\/pages\/713","targetHints":{"allow":["GET"]}}],"collection":[{"href":"https:\/\/ingenieria.udd.cl\/ii\/wp-json\/wp\/v2\/pages"}],"about":[{"href":"https:\/\/ingenieria.udd.cl\/ii\/wp-json\/wp\/v2\/types\/page"}],"author":[{"embeddable":true,"href":"https:\/\/ingenieria.udd.cl\/ii\/wp-json\/wp\/v2\/users\/9192225"}],"replies":[{"embeddable":true,"href":"https:\/\/ingenieria.udd.cl\/ii\/wp-json\/wp\/v2\/comments?post=713"}],"version-history":[{"count":1,"href":"https:\/\/ingenieria.udd.cl\/ii\/wp-json\/wp\/v2\/pages\/713\/revisions"}],"predecessor-version":[{"id":1453,"href":"https:\/\/ingenieria.udd.cl\/ii\/wp-json\/wp\/v2\/pages\/713\/revisions\/1453"}],"up":[{"embeddable":true,"href":"https:\/\/ingenieria.udd.cl\/ii\/wp-json\/wp\/v2\/pages\/677"}],"wp:attachment":[{"href":"https:\/\/ingenieria.udd.cl\/ii\/wp-json\/wp\/v2\/media?parent=713"}],"curies":[{"name":"wp","href":"https:\/\/api.w.org\/{rel}","templated":true}]}}

VENTILADOR MECÁNICO MODULAR

<p>En conjunto con la Facultad de Ingeniería de la Universidad de Talca y la empresa chilena TresDP, se está trabajando en el desarrollo&nbsp; de un Ventilador Mecánico Modular.&nbsp; Se trata del&nbsp; diseño de un sistema resiliente ante la escasez o indisponibilidad de componentes a nivel local. El diseño, que se puede identificar como un sistema tipo lego, contempla tres módulos centrales, y cuatro módulos complementarios que permiten una adaptación a nuevos contextos, además de la posibilidad de complejizar el instrumental, o incluso adaptar mejores soluciones futuras al sistema, sin necesidad de cambiarlo completamente.&nbsp;</p>



<p>Asimismo, se trabajan diversos mecanismos de bombeo para cubrir diversas consideraciones médicas, con el fin de estar preparado ante una escasez de elementos indispensables para los modelos más convencionales de bombeo.<br></p>

<p>En conjunto con la Facultad de Ingeniería de la Universidad de Talca y la empresa chilena TresDP, se está trabajando en el desarrollo&nbsp; de un Ventilador Mecánico Modular.&nbsp; Se trata del&nbsp; diseño de un sistema resiliente ante la escasez o indisponibilidad de componentes a nivel local. El diseño, que se puede identificar como un sistema [&hellip;]</p>

<!-- This site is optimized with the Yoast SEO plugin v26.9 - https://yoast.com/product/yoast-seo-wordpress/ -->
<title>VENTILADOR MECÁNICO MODULAR - Innovación Ingeniería</title>
<meta name="robots" content="index, follow, max-snippet:-1, max-image-preview:large, max-video-preview:-1" />
<link rel="canonical" href="https://ingenieria.udd.cl/ii/covid/ventilador-mecanico-modular/" />
<meta property="og:locale" content="es_ES" />
<meta property="og:type" content="article" />
<meta property="og:title" content="VENTILADOR MECÁNICO MODULAR - Innovación Ingeniería" />
<meta property="og:description" content="En conjunto con la Facultad de Ingeniería de la Universidad de Talca y la empresa chilena TresDP, se está trabajando en el desarrollo&nbsp; de un Ventilador Mecánico Modular.&nbsp; Se trata del&nbsp; diseño de un sistema resiliente ante la escasez o indisponibilidad de componentes a nivel local. El diseño, que se puede identificar como un sistema [&hellip;]" />
<meta property="og:url" content="https://ingenieria.udd.cl/ii/covid/ventilador-mecanico-modular/" />
<meta property="og:site_name" content="Innovación Ingeniería" />
<meta property="article:modified_time" content="2020-09-23T15:02:03+00:00" />
<meta name="twitter:card" content="summary_large_image" />
<meta name="twitter:label1" content="Tiempo de lectura" />
	<meta name="twitter:data1" content="1 minuto" />
<script type="application/ld+json" class="yoast-schema-graph">{"@context":"https://schema.org","@graph":[{"@type":"WebPage","@id":"https://ingenieria.udd.cl/ii/covid/ventilador-mecanico-modular/","url":"https://ingenieria.udd.cl/ii/covid/ventilador-mecanico-modular/","name":"VENTILADOR MECÁNICO MODULAR - Innovación Ingeniería","isPartOf":{"@id":"https://ingenieria.udd.cl/ii/#website"},"datePublished":"2020-04-04T01:04:04+00:00","dateModified":"2020-09-23T15:02:03+00:00","breadcrumb":{"@id":"https://ingenieria.udd.cl/ii/covid/ventilador-mecanico-modular/#breadcrumb"},"inLanguage":"es","potentialAction":[{"@type":"ReadAction","target":["https://ingenieria.udd.cl/ii/covid/ventilador-mecanico-modular/"]}]},{"@type":"BreadcrumbList","@id":"https://ingenieria.udd.cl/ii/covid/ventilador-mecanico-modular/#breadcrumb","itemListElement":[{"@type":"ListItem","position":1,"name":"Portada","item":"https://ingenieria.udd.cl/ii/"},{"@type":"ListItem","position":2,"name":"La Dirección de Innovación frente al COVID-19","item":"https://ingenieria.udd.cl/ii/covid/"},{"@type":"ListItem","position":3,"name":"VENTILADOR MECÁNICO MODULAR"}]},{"@type":"WebSite","@id":"https://ingenieria.udd.cl/ii/#website","url":"https://ingenieria.udd.cl/ii/","name":"Innovación Ingeniería","description":"Otro sitio más de Ingenieria","inLanguage":"es"}]}</script>
<!-- / Yoast SEO plugin. -->

VENTILADOR MECÁNICO MODULAR - Innovación Ingeniería

En conjunto con la Facultad de Ingeniería de la Universidad de Talca y la empresa chilena TresDP, se está trabajando en el desarrollo&nbsp; de un Ventilador Mecánico Modular.&nbsp; Se trata del&nbsp; diseño de un sistema resiliente ante la escasez o indisponibilidad de componentes a nivel local. El diseño, que se puede identificar como un sistema [&hellip;]

Innovación Ingeniería

La Dirección de Innovación frente al COVID-19

Otro sitio más de Ingenieria
