{"id":105,"date":"2020-10-01T17:21:02","date_gmt":"2020-10-01T15:21:02","guid":{"rendered":"http:\/\/ingenieria.udd.cl\/impactoudd\/?page_id=105"},"modified":"2022-02-10T20:16:49","modified_gmt":"2022-02-10T19:16:49","slug":"protectora-de-la-infancia","status":"publish","type":"page","link":"https:\/\/ingenieria.udd.cl\/impactoudd\/proyectos\/protectora-de-la-infancia\/","title":{"rendered":"Protectora de la infancia &#8211; Jornada medioambiental &#8211; Hualp\u00e9n, Concepci\u00f3n"},"content":{"rendered":"<section class=\"wp-block-udd-text-row block--bg-gray\">\n\t<div class=\"text-row\">\n\t\t<div class=\"text-row__content\">\n\t\t\t<div class=\"text-row__content-inner text\">\n\t\t\t\t\t\t\t\t<h2>Protectora Hualp\u00e9n<\/h2>\n\t\t\t\t\t\t\t\t\n<p class=\"has-medium-font-size\">La Protectora de la Infancia es una organizaci\u00f3n sin fines de Lucro que nace hace 125 a\u00f1os, con el objetivo de proteger y motivar el desarrollo pleno de la infancia y juventud en Chile, y otorgar las herramientas necesarias que permitan entregar un mejor futuro a los ni\u00f1os m\u00e1s necesitados del pa\u00eds. <\/p>\n\t\t\t<\/div>\n\t\t<\/div>\n\t\t<div class=\"text-row__media\">\n\t\t\t<img loading=\"lazy\" decoding=\"async\" width=\"869\" height=\"534\" src=\"https:\/\/ingenieria.udd.cl\/impactoudd\/files\/2021\/10\/flyer-final-680x382.jpeg\" class=\"text-row__media-image lazyload\" alt=\"\" data-src=\"https:\/\/ingenieria.udd.cl\/impactoudd\/files\/2021\/10\/flyer-final-869x534.jpeg\" \/>\t\t<\/div>\n\t<\/div>\n<\/section>\n\n\n\n<p><strong>Objetivo:<\/strong> Dise\u00f1ar un proyecto integral para potenciar las \u00e1reas verdes del Campus Hualp\u00e9n, donde los ni\u00f1os puedan interactuar, estimularse, aprender y crecer.<\/p>\n\n\n\n<p><strong>Comunidad:<\/strong> Campus Hualp\u00e9n, Regi\u00f3n de Bio Bio&nbsp;<\/p>\n\n\n\n<p><strong>P\u00fablico objetivo<\/strong>: Ni\u00f1os y funcionarios del Campus Hualp\u00e9n<\/p>\n\n\n\n<p><strong>Socio estrat\u00e9gico:<\/strong> Protectora de la Infancia &#8211; Fundaci\u00f3n Aprende Chile<br><\/p>\n\n\n\n<p><strong>Descripci\u00f3n: <\/strong><\/p>\n\n\n\n<ul class=\"wp-block-list\"><li>Creaci\u00f3n de una zona de reciclaje en la sede de Hualp\u00e9n<\/li><li>Reforestaci\u00f3n de plantas y \u00e1rboles<\/li><li>Confecci\u00f3n de zona de descanso, hecho a base de pallets<\/li><li>Actividades recreativas con los ni\u00f1os<\/li><\/ul>\n\n\n\n<p><strong>Mentora: <\/strong>Macarena Troncoso, Qu\u00edmico. Ms en Ciencias.<br><\/p>\n\n\n\n<figure class=\"wp-block-embed-youtube wp-block-embed is-type-video is-provider-youtube wp-embed-aspect-16-9 wp-has-aspect-ratio\"><div class=\"wp-block-embed__wrapper\">\n<iframe loading=\"lazy\" title=\"Campus Hualpe\u0301n, Impacto UDD y La Protectora\" width=\"500\" height=\"281\" src=\"https:\/\/www.youtube.com\/embed\/pDFFdcAhEUw?feature=oembed\" frameborder=\"0\" allow=\"accelerometer; autoplay; clipboard-write; encrypted-media; gyroscope; picture-in-picture; web-share\" referrerpolicy=\"strict-origin-when-cross-origin\" allowfullscreen><\/iframe>\n<\/div><\/figure>\n\n\n\n<figure class=\"wp-block-gallery columns-3 is-cropped wp-block-gallery-1 is-layout-flex wp-block-gallery-is-layout-flex\"><ul class=\"blocks-gallery-grid\"><li class=\"blocks-gallery-item\"><figure><img loading=\"lazy\" decoding=\"async\" width=\"1024\" height=\"768\" src=\"https:\/\/ingenieria.udd.cl\/impactoudd\/files\/2022\/02\/IMG_20211114_122803-1024x768.jpg\" alt=\"\" data-id=\"2013\" data-full-url=\"https:\/\/ingenieria.udd.cl\/impactoudd\/files\/2022\/02\/IMG_20211114_122803-scaled.jpg\" data-link=\"https:\/\/ingenieria.udd.cl\/impactoudd\/proyectos\/protectora-de-la-infancia\/img_20211114_122803\/\" class=\"wp-image-2013\" srcset=\"https:\/\/ingenieria.udd.cl\/impactoudd\/files\/2022\/02\/IMG_20211114_122803-1024x768.jpg 1024w, https:\/\/ingenieria.udd.cl\/impactoudd\/files\/2022\/02\/IMG_20211114_122803-300x225.jpg 300w, https:\/\/ingenieria.udd.cl\/impactoudd\/files\/2022\/02\/IMG_20211114_122803-768x576.jpg 768w, https:\/\/ingenieria.udd.cl\/impactoudd\/files\/2022\/02\/IMG_20211114_122803-1536x1152.jpg 1536w, https:\/\/ingenieria.udd.cl\/impactoudd\/files\/2022\/02\/IMG_20211114_122803-2048x1536.jpg 2048w\" sizes=\"auto, (max-width: 1024px) 100vw, 1024px\" \/><\/figure><\/li><li class=\"blocks-gallery-item\"><figure><img loading=\"lazy\" decoding=\"async\" width=\"1024\" height=\"768\" src=\"https:\/\/ingenieria.udd.cl\/impactoudd\/files\/2022\/02\/IMG_20211114_122740-1024x768.jpg\" alt=\"\" data-id=\"2014\" data-full-url=\"https:\/\/ingenieria.udd.cl\/impactoudd\/files\/2022\/02\/IMG_20211114_122740-scaled.jpg\" data-link=\"https:\/\/ingenieria.udd.cl\/impactoudd\/proyectos\/protectora-de-la-infancia\/img_20211114_122740-2\/\" class=\"wp-image-2014\" srcset=\"https:\/\/ingenieria.udd.cl\/impactoudd\/files\/2022\/02\/IMG_20211114_122740-1024x768.jpg 1024w, https:\/\/ingenieria.udd.cl\/impactoudd\/files\/2022\/02\/IMG_20211114_122740-300x225.jpg 300w, https:\/\/ingenieria.udd.cl\/impactoudd\/files\/2022\/02\/IMG_20211114_122740-768x576.jpg 768w, https:\/\/ingenieria.udd.cl\/impactoudd\/files\/2022\/02\/IMG_20211114_122740-1536x1152.jpg 1536w, https:\/\/ingenieria.udd.cl\/impactoudd\/files\/2022\/02\/IMG_20211114_122740-2048x1536.jpg 2048w\" sizes=\"auto, (max-width: 1024px) 100vw, 1024px\" \/><\/figure><\/li><li class=\"blocks-gallery-item\"><figure><img loading=\"lazy\" decoding=\"async\" width=\"1024\" height=\"768\" src=\"https:\/\/ingenieria.udd.cl\/impactoudd\/files\/2022\/02\/IMG_20211114_121932-1024x768.jpg\" alt=\"\" data-id=\"2017\" data-full-url=\"https:\/\/ingenieria.udd.cl\/impactoudd\/files\/2022\/02\/IMG_20211114_121932-scaled.jpg\" data-link=\"https:\/\/ingenieria.udd.cl\/impactoudd\/proyectos\/protectora-de-la-infancia\/img_20211114_121932-2\/\" class=\"wp-image-2017\" srcset=\"https:\/\/ingenieria.udd.cl\/impactoudd\/files\/2022\/02\/IMG_20211114_121932-1024x768.jpg 1024w, https:\/\/ingenieria.udd.cl\/impactoudd\/files\/2022\/02\/IMG_20211114_121932-300x225.jpg 300w, https:\/\/ingenieria.udd.cl\/impactoudd\/files\/2022\/02\/IMG_20211114_121932-768x576.jpg 768w, https:\/\/ingenieria.udd.cl\/impactoudd\/files\/2022\/02\/IMG_20211114_121932-1536x1152.jpg 1536w, https:\/\/ingenieria.udd.cl\/impactoudd\/files\/2022\/02\/IMG_20211114_121932-2048x1536.jpg 2048w\" sizes=\"auto, (max-width: 1024px) 100vw, 1024px\" \/><\/figure><\/li><li class=\"blocks-gallery-item\"><figure><img loading=\"lazy\" decoding=\"async\" width=\"1024\" height=\"768\" src=\"https:\/\/ingenieria.udd.cl\/impactoudd\/files\/2022\/02\/IMG_20211114_121544-1024x768.jpg\" alt=\"\" data-id=\"2018\" data-full-url=\"https:\/\/ingenieria.udd.cl\/impactoudd\/files\/2022\/02\/IMG_20211114_121544-scaled.jpg\" data-link=\"https:\/\/ingenieria.udd.cl\/impactoudd\/proyectos\/protectora-de-la-infancia\/img_20211114_121544-2\/\" class=\"wp-image-2018\" srcset=\"https:\/\/ingenieria.udd.cl\/impactoudd\/files\/2022\/02\/IMG_20211114_121544-1024x768.jpg 1024w, https:\/\/ingenieria.udd.cl\/impactoudd\/files\/2022\/02\/IMG_20211114_121544-300x225.jpg 300w, https:\/\/ingenieria.udd.cl\/impactoudd\/files\/2022\/02\/IMG_20211114_121544-768x576.jpg 768w, https:\/\/ingenieria.udd.cl\/impactoudd\/files\/2022\/02\/IMG_20211114_121544-1536x1152.jpg 1536w, https:\/\/ingenieria.udd.cl\/impactoudd\/files\/2022\/02\/IMG_20211114_121544-2048x1536.jpg 2048w\" sizes=\"auto, (max-width: 1024px) 100vw, 1024px\" \/><\/figure><\/li><li class=\"blocks-gallery-item\"><figure><img decoding=\"async\" src=\"https:\/\/ingenieria.udd.cl\/1abf49a4-f0c3-41f8-8386-e87f7f0d5c3b\" \/><\/figure><\/li><li class=\"blocks-gallery-item\"><figure><img decoding=\"async\" src=\"https:\/\/ingenieria.udd.cl\/cf7596e1-7022-4ad7-9ebb-fd7b22ae608e\" \/><\/figure><\/li><li class=\"blocks-gallery-item\"><figure><img decoding=\"async\" src=\"https:\/\/ingenieria.udd.cl\/f01cd0af-0f9c-401f-a147-83192dbf7456\" \/><\/figure><\/li><li class=\"blocks-gallery-item\"><figure><img decoding=\"async\" src=\"https:\/\/ingenieria.udd.cl\/ebabc297-9ad8-4cbc-90ae-8d646623c7b5\" \/><\/figure><\/li><li class=\"blocks-gallery-item\"><figure><img decoding=\"async\" src=\"https:\/\/ingenieria.udd.cl\/d6ca3062-5aa3-4b53-9c94-d35339eab159\" \/><\/figure><\/li><\/ul><\/figure>\n","protected":false},"excerpt":{"rendered":"<p>Objetivo: Dise\u00f1ar un proyecto integral para potenciar las \u00e1reas verdes del Campus Hualp\u00e9n, donde los ni\u00f1os puedan interactuar, estimularse, aprender y crecer. Comunidad: Campus Hualp\u00e9n, Regi\u00f3n de Bio Bio&nbsp; P\u00fablico objetivo: Ni\u00f1os y funcionarios del Campus Hualp\u00e9n Socio estrat\u00e9gico: Protectora de la Infancia &#8211; Fundaci\u00f3n Aprende Chile Descripci\u00f3n: Creaci\u00f3n de una zona de reciclaje en [&hellip;]<\/p>\n","protected":false},"author":9192218,"featured_media":0,"parent":23,"menu_order":0,"comment_status":"closed","ping_status":"closed","template":"","meta":{"footnotes":""},"class_list":["post-105","page","type-page","status-publish","hentry"],"yoast_head":"<!-- This site is optimized with the Yoast SEO plugin v26.9 - https:\/\/yoast.com\/product\/yoast-seo-wordpress\/ -->\n<title>Protectora de la infancia - Jornada medioambiental - Hualp\u00e9n, Concepci\u00f3n - Impacto UDD<\/title>\n<meta name=\"robots\" content=\"index, follow, max-snippet:-1, max-image-preview:large, max-video-preview:-1\" \/>\n<link rel=\"canonical\" href=\"https:\/\/ingenieria.udd.cl\/impactoudd\/proyectos\/protectora-de-la-infancia\/\" \/>\n<meta property=\"og:locale\" content=\"es_ES\" \/>\n<meta property=\"og:type\" content=\"article\" \/>\n<meta property=\"og:title\" content=\"Protectora de la infancia - Jornada medioambiental - Hualp\u00e9n, Concepci\u00f3n - Impacto UDD\" \/>\n<meta property=\"og:description\" content=\"Objetivo: Dise\u00f1ar un proyecto integral para potenciar las \u00e1reas verdes del Campus Hualp\u00e9n, donde los ni\u00f1os puedan interactuar, estimularse, aprender y crecer. Comunidad: Campus Hualp\u00e9n, Regi\u00f3n de Bio Bio&nbsp; P\u00fablico objetivo: Ni\u00f1os y funcionarios del Campus Hualp\u00e9n Socio estrat\u00e9gico: Protectora de la Infancia &#8211; Fundaci\u00f3n Aprende Chile Descripci\u00f3n: Creaci\u00f3n de una zona de reciclaje en [&hellip;]\" \/>\n<meta property=\"og:url\" content=\"https:\/\/ingenieria.udd.cl\/impactoudd\/proyectos\/protectora-de-la-infancia\/\" \/>\n<meta property=\"og:site_name\" content=\"Impacto UDD\" \/>\n<meta property=\"article:modified_time\" content=\"2022-02-10T19:16:49+00:00\" \/>\n<meta property=\"og:image\" content=\"https:\/\/ingenieria.udd.cl\/impactoudd\/files\/2021\/10\/flyer-final.jpeg\" \/>\n<meta name=\"twitter:card\" content=\"summary_large_image\" \/>\n<meta name=\"twitter:label1\" content=\"Tiempo de lectura\" \/>\n\t<meta name=\"twitter:data1\" content=\"1 minuto\" \/>\n<script type=\"application\/ld+json\" class=\"yoast-schema-graph\">{\"@context\":\"https:\/\/schema.org\",\"@graph\":[{\"@type\":\"WebPage\",\"@id\":\"https:\/\/ingenieria.udd.cl\/impactoudd\/proyectos\/protectora-de-la-infancia\/\",\"url\":\"https:\/\/ingenieria.udd.cl\/impactoudd\/proyectos\/protectora-de-la-infancia\/\",\"name\":\"Protectora de la infancia - Jornada medioambiental - Hualp\u00e9n, Concepci\u00f3n - Impacto UDD\",\"isPartOf\":{\"@id\":\"https:\/\/ingenieria.udd.cl\/impactoudd\/#website\"},\"primaryImageOfPage\":{\"@id\":\"https:\/\/ingenieria.udd.cl\/impactoudd\/proyectos\/protectora-de-la-infancia\/#primaryimage\"},\"image\":{\"@id\":\"https:\/\/ingenieria.udd.cl\/impactoudd\/proyectos\/protectora-de-la-infancia\/#primaryimage\"},\"thumbnailUrl\":\"https:\/\/ingenieria.udd.cl\/impactoudd\/files\/2021\/10\/flyer-final.jpeg\",\"datePublished\":\"2020-10-01T15:21:02+00:00\",\"dateModified\":\"2022-02-10T19:16:49+00:00\",\"breadcrumb\":{\"@id\":\"https:\/\/ingenieria.udd.cl\/impactoudd\/proyectos\/protectora-de-la-infancia\/#breadcrumb\"},\"inLanguage\":\"es\",\"potentialAction\":[{\"@type\":\"ReadAction\",\"target\":[\"https:\/\/ingenieria.udd.cl\/impactoudd\/proyectos\/protectora-de-la-infancia\/\"]}]},{\"@type\":\"ImageObject\",\"inLanguage\":\"es\",\"@id\":\"https:\/\/ingenieria.udd.cl\/impactoudd\/proyectos\/protectora-de-la-infancia\/#primaryimage\",\"url\":\"https:\/\/ingenieria.udd.cl\/impactoudd\/files\/2021\/10\/flyer-final.jpeg\",\"contentUrl\":\"https:\/\/ingenieria.udd.cl\/impactoudd\/files\/2021\/10\/flyer-final.jpeg\",\"width\":869,\"height\":1229},{\"@type\":\"BreadcrumbList\",\"@id\":\"https:\/\/ingenieria.udd.cl\/impactoudd\/proyectos\/protectora-de-la-infancia\/#breadcrumb\",\"itemListElement\":[{\"@type\":\"ListItem\",\"position\":1,\"name\":\"Portada\",\"item\":\"https:\/\/ingenieria.udd.cl\/impactoudd\/\"},{\"@type\":\"ListItem\",\"position\":2,\"name\":\"Proyectos\",\"item\":\"https:\/\/ingenieria.udd.cl\/impactoudd\/proyectos\/\"},{\"@type\":\"ListItem\",\"position\":3,\"name\":\"Protectora de la infancia &#8211; Jornada medioambiental &#8211; Hualp\u00e9n, Concepci\u00f3n\"}]},{\"@type\":\"WebSite\",\"@id\":\"https:\/\/ingenieria.udd.cl\/impactoudd\/#website\",\"url\":\"https:\/\/ingenieria.udd.cl\/impactoudd\/\",\"name\":\"Impacto UDD\",\"description\":\"Otro sitio m\u00e1s de Ingenieria\",\"inLanguage\":\"es\"}]}<\/script>\n<!-- \/ Yoast SEO plugin. -->","yoast_head_json":{"title":"Protectora de la infancia - Jornada medioambiental - Hualp\u00e9n, Concepci\u00f3n - Impacto UDD","robots":{"index":"index","follow":"follow","max-snippet":"max-snippet:-1","max-image-preview":"max-image-preview:large","max-video-preview":"max-video-preview:-1"},"canonical":"https:\/\/ingenieria.udd.cl\/impactoudd\/proyectos\/protectora-de-la-infancia\/","og_locale":"es_ES","og_type":"article","og_title":"Protectora de la infancia - Jornada medioambiental - Hualp\u00e9n, Concepci\u00f3n - Impacto UDD","og_description":"Objetivo: Dise\u00f1ar un proyecto integral para potenciar las \u00e1reas verdes del Campus Hualp\u00e9n, donde los ni\u00f1os puedan interactuar, estimularse, aprender y crecer. Comunidad: Campus Hualp\u00e9n, Regi\u00f3n de Bio Bio&nbsp; P\u00fablico objetivo: Ni\u00f1os y funcionarios del Campus Hualp\u00e9n Socio estrat\u00e9gico: Protectora de la Infancia &#8211; Fundaci\u00f3n Aprende Chile Descripci\u00f3n: Creaci\u00f3n de una zona de reciclaje en [&hellip;]","og_url":"https:\/\/ingenieria.udd.cl\/impactoudd\/proyectos\/protectora-de-la-infancia\/","og_site_name":"Impacto UDD","article_modified_time":"2022-02-10T19:16:49+00:00","og_image":[{"url":"https:\/\/ingenieria.udd.cl\/impactoudd\/files\/2021\/10\/flyer-final.jpeg","type":"","width":"","height":""}],"twitter_card":"summary_large_image","twitter_misc":{"Tiempo de lectura":"1 minuto"},"schema":{"@context":"https:\/\/schema.org","@graph":[{"@type":"WebPage","@id":"https:\/\/ingenieria.udd.cl\/impactoudd\/proyectos\/protectora-de-la-infancia\/","url":"https:\/\/ingenieria.udd.cl\/impactoudd\/proyectos\/protectora-de-la-infancia\/","name":"Protectora de la infancia - Jornada medioambiental - Hualp\u00e9n, Concepci\u00f3n - Impacto UDD","isPartOf":{"@id":"https:\/\/ingenieria.udd.cl\/impactoudd\/#website"},"primaryImageOfPage":{"@id":"https:\/\/ingenieria.udd.cl\/impactoudd\/proyectos\/protectora-de-la-infancia\/#primaryimage"},"image":{"@id":"https:\/\/ingenieria.udd.cl\/impactoudd\/proyectos\/protectora-de-la-infancia\/#primaryimage"},"thumbnailUrl":"https:\/\/ingenieria.udd.cl\/impactoudd\/files\/2021\/10\/flyer-final.jpeg","datePublished":"2020-10-01T15:21:02+00:00","dateModified":"2022-02-10T19:16:49+00:00","breadcrumb":{"@id":"https:\/\/ingenieria.udd.cl\/impactoudd\/proyectos\/protectora-de-la-infancia\/#breadcrumb"},"inLanguage":"es","potentialAction":[{"@type":"ReadAction","target":["https:\/\/ingenieria.udd.cl\/impactoudd\/proyectos\/protectora-de-la-infancia\/"]}]},{"@type":"ImageObject","inLanguage":"es","@id":"https:\/\/ingenieria.udd.cl\/impactoudd\/proyectos\/protectora-de-la-infancia\/#primaryimage","url":"https:\/\/ingenieria.udd.cl\/impactoudd\/files\/2021\/10\/flyer-final.jpeg","contentUrl":"https:\/\/ingenieria.udd.cl\/impactoudd\/files\/2021\/10\/flyer-final.jpeg","width":869,"height":1229},{"@type":"BreadcrumbList","@id":"https:\/\/ingenieria.udd.cl\/impactoudd\/proyectos\/protectora-de-la-infancia\/#breadcrumb","itemListElement":[{"@type":"ListItem","position":1,"name":"Portada","item":"https:\/\/ingenieria.udd.cl\/impactoudd\/"},{"@type":"ListItem","position":2,"name":"Proyectos","item":"https:\/\/ingenieria.udd.cl\/impactoudd\/proyectos\/"},{"@type":"ListItem","position":3,"name":"Protectora de la infancia &#8211; Jornada medioambiental &#8211; Hualp\u00e9n, Concepci\u00f3n"}]},{"@type":"WebSite","@id":"https:\/\/ingenieria.udd.cl\/impactoudd\/#website","url":"https:\/\/ingenieria.udd.cl\/impactoudd\/","name":"Impacto UDD","description":"Otro sitio m\u00e1s de Ingenieria","inLanguage":"es"}]}},"_links":{"self":[{"href":"https:\/\/ingenieria.udd.cl\/impactoudd\/wp-json\/wp\/v2\/pages\/105","targetHints":{"allow":["GET"]}}],"collection":[{"href":"https:\/\/ingenieria.udd.cl\/impactoudd\/wp-json\/wp\/v2\/pages"}],"about":[{"href":"https:\/\/ingenieria.udd.cl\/impactoudd\/wp-json\/wp\/v2\/types\/page"}],"author":[{"embeddable":true,"href":"https:\/\/ingenieria.udd.cl\/impactoudd\/wp-json\/wp\/v2\/users\/9192218"}],"replies":[{"embeddable":true,"href":"https:\/\/ingenieria.udd.cl\/impactoudd\/wp-json\/wp\/v2\/comments?post=105"}],"version-history":[{"count":6,"href":"https:\/\/ingenieria.udd.cl\/impactoudd\/wp-json\/wp\/v2\/pages\/105\/revisions"}],"predecessor-version":[{"id":2024,"href":"https:\/\/ingenieria.udd.cl\/impactoudd\/wp-json\/wp\/v2\/pages\/105\/revisions\/2024"}],"up":[{"embeddable":true,"href":"https:\/\/ingenieria.udd.cl\/impactoudd\/wp-json\/wp\/v2\/pages\/23"}],"wp:attachment":[{"href":"https:\/\/ingenieria.udd.cl\/impactoudd\/wp-json\/wp\/v2\/media?parent=105"}],"curies":[{"name":"wp","href":"https:\/\/api.w.org\/{rel}","templated":true}]}}